CRAN Package Check Results for Package ADMMnet

Last updated on 2019-10-23 15:47:20 CEST.

Flavor Version Tinstall Tcheck Ttotal Status Flags
r-devel-linux-x86_64-debian-clang 0.1 40.20 57.19 97.39 NOTE
r-devel-linux-x86_64-debian-gcc 0.1 35.18 45.73 80.91 NOTE
r-devel-linux-x86_64-fedora-clang 0.1 132.51 NOTE
r-devel-linux-x86_64-fedora-gcc 0.1 129.86 NOTE
r-devel-windows-ix86+x86_64 0.1 59.00 92.00 151.00 NOTE
r-patched-linux-x86_64 0.1 34.99 56.86 91.85 NOTE
r-patched-solaris-x86 0.1 150.20 NOTE
r-release-linux-x86_64 0.1 39.03 56.34 95.37 NOTE
r-release-windows-ix86+x86_64 0.1 79.00 89.00 168.00 NOTE
r-release-osx-x86_64 0.1 NOTE
r-oldrel-windows-ix86+x86_64 0.1 74.00 120.00 194.00 OK
r-oldrel-osx-x86_64 0.1 NOTE

Check Details

Version: 0.1
Check: line endings in C/C++/Fortran sources/headers
Result: NOTE
    Found the following sources/headers with CR or CRLF line endings:
     inst/include/ADMMnet.h
     inst/include/ADMMnet_RcppExports.h
    Some Unix compilers require LF line endings.
Flavors: r-devel-linux-x86_64-debian-clang, r-devel-linux-x86_64-debian-gcc, r-devel-linux-x86_64-fedora-clang, r-devel-linux-x86_64-fedora-gcc, r-devel-windows-ix86+x86_64, r-patched-linux-x86_64, r-patched-solaris-x86, r-release-linux-x86_64, r-release-windows-ix86+x86_64, r-release-osx-x86_64

Version: 0.1
Check: installed package size
Result: NOTE
     installed size is 6.3Mb
     sub-directories of 1Mb or more:
     libs 6.1Mb
Flavors: r-devel-linux-x86_64-fedora-clang, r-release-osx-x86_64, r-oldrel-osx-x86_64

Version: 0.1
Check: compiled code
Result: NOTE
    File ‘ADMMnet/libs/ADMMnet.so’:
     Found no calls to: ‘R_registerRoutines’, ‘R_useDynamicSymbols’
    
    It is good practice to register native routines and to disable symbol
    search.
    
    See ‘Writing portable packages’ in the ‘Writing R Extensions’ manual.
Flavors: r-devel-linux-x86_64-fedora-clang, r-devel-linux-x86_64-fedora-gcc