CRAN Package Check Results for Package ARpLMEC

Last updated on 2020-02-23 02:47:18 CET.

Flavor Version Tinstall Tcheck Ttotal Status Flags
r-devel-linux-x86_64-debian-clang 1.0 12.34 70.89 83.23 OK
r-devel-linux-x86_64-debian-gcc 1.0 9.31 55.68 64.99 OK
r-devel-linux-x86_64-fedora-clang 1.0 104.40 NOTE
r-devel-linux-x86_64-fedora-gcc 1.0 101.81 NOTE
r-devel-windows-ix86+x86_64 1.0 17.00 73.00 90.00 OK
r-devel-windows-ix86+x86_64-gcc8 1.0 26.00 102.00 128.00 OK
r-patched-linux-x86_64 1.0 OK
r-patched-solaris-x86 1.0 147.90 NOTE
r-release-linux-x86_64 1.0 10.63 63.90 74.53 OK
r-release-windows-ix86+x86_64 1.0 14.00 70.00 84.00 OK
r-release-osx-x86_64 1.0 NOTE
r-oldrel-windows-ix86+x86_64 1.0 11.00 72.00 83.00 OK
r-oldrel-osx-x86_64 1.0 NOTE

Check Details

Version: 1.0
Check: dependencies in R code
Result: NOTE
    Namespaces in Imports field not imported from:
     ‘Matrix’ ‘gmm’ ‘graphics’ ‘sandwich’ ‘stats4’ ‘utils’
     All declared Imports should be used.
Flavors: r-devel-linux-x86_64-fedora-clang, r-devel-linux-x86_64-fedora-gcc, r-patched-solaris-x86, r-release-osx-x86_64, r-oldrel-osx-x86_64