CRAN Package Check Results for Package ASSISTant

Last updated on 2020-02-25 02:48:24 CET.

Flavor Version Tinstall Tcheck Ttotal Status Flags
r-devel-linux-x86_64-debian-clang 1.4.2 9.04 658.87 667.91 OK
r-devel-linux-x86_64-debian-gcc 1.4.2 6.69 451.29 457.98 OK
r-devel-linux-x86_64-fedora-clang 1.4.2 755.15 OK
r-devel-linux-x86_64-fedora-gcc 1.4.2 725.34 OK
r-devel-windows-ix86+x86_64 1.4.2 15.00 582.00 597.00 OK
r-devel-windows-ix86+x86_64-gcc8 1.4.2 21.00 754.00 775.00 OK
r-patched-linux-x86_64 1.4.2 6.95 587.34 594.29 OK
r-patched-solaris-x86 1.4.2 830.60 NOTE
r-release-linux-x86_64 1.4.2 7.26 583.01 590.27 OK
r-release-windows-ix86+x86_64 1.4.2 13.00 559.00 572.00 OK
r-release-osx-x86_64 1.4.2 OK
r-oldrel-windows-ix86+x86_64 1.4.2 11.00 620.00 631.00 OK
r-oldrel-osx-x86_64 1.4.2 OK

Check Details

Version: 1.4.2
Check: installed package size
Result: NOTE
     installed size is 5.4Mb
     sub-directories of 1Mb or more:
     doc 2.4Mb
     full_doc 2.6Mb
Flavor: r-patched-solaris-x86