CRAN Package Check Results for Package AlphaSimR

Last updated on 2020-02-20 02:48:15 CET.

Flavor Version Tinstall Tcheck Ttotal Status Flags
r-devel-linux-x86_64-debian-clang 0.11.1 257.84 80.11 337.95 OK
r-devel-linux-x86_64-debian-gcc 0.11.1 188.43 62.64 251.07 OK
r-devel-linux-x86_64-fedora-clang 0.11.1 464.44 NOTE
r-devel-linux-x86_64-fedora-gcc 0.11.1 461.90 OK
r-devel-windows-ix86+x86_64 0.11.1 430.00 116.00 546.00 OK
r-devel-windows-ix86+x86_64-gcc8 0.11.1 635.00 156.00 791.00 NOTE
r-patched-linux-x86_64 0.11.1 208.84 70.87 279.71 OK
r-patched-solaris-x86 0.11.1 405.90 OK
r-release-linux-x86_64 0.11.1 218.11 70.84 288.95 OK
r-release-windows-ix86+x86_64 0.11.1 465.00 112.00 577.00 OK
r-release-osx-x86_64 0.11.1 NOTE
r-oldrel-windows-ix86+x86_64 0.11.1 429.00 94.00 523.00 OK
r-oldrel-osx-x86_64 0.11.1 NOTE

Check Details

Version: 0.11.1
Check: installed package size
Result: NOTE
     installed size is 18.6Mb
     sub-directories of 1Mb or more:
     libs 17.5Mb
Flavors: r-devel-linux-x86_64-fedora-clang, r-devel-windows-ix86+x86_64-gcc8, r-release-osx-x86_64, r-oldrel-osx-x86_64