CRAN Package Check Results for Package AlphaSimR

Last updated on 2020-09-19 15:52:50 CEST.

Flavor Version Tinstall Tcheck Ttotal Status Flags
r-devel-linux-x86_64-debian-clang 0.12.2 279.20 76.55 355.75 OK
r-devel-linux-x86_64-debian-gcc 0.12.2 212.19 61.64 273.83 OK
r-devel-linux-x86_64-fedora-clang 0.12.2 502.69 NOTE
r-devel-linux-x86_64-fedora-gcc 0.12.2 510.19 OK
r-devel-windows-ix86+x86_64 0.12.2 551.00 144.00 695.00 NOTE
r-patched-linux-x86_64 0.12.2 231.77 77.07 308.84 OK
r-patched-solaris-x86 0.12.2 416.90 OK
r-release-linux-x86_64 0.12.2 222.02 76.89 298.91 OK
r-release-macos-x86_64 0.12.2 NOTE
r-release-windows-ix86+x86_64 0.12.2 593.00 143.00 736.00 NOTE
r-oldrel-macos-x86_64 0.12.2 NOTE
r-oldrel-windows-ix86+x86_64 0.12.2 400.00 137.00 537.00 OK

Check Details

Version: 0.12.2
Check: installed package size
Result: NOTE
     installed size is 20.8Mb
     sub-directories of 1Mb or more:
     libs 19.7Mb
Flavors: r-devel-linux-x86_64-fedora-clang, r-devel-windows-ix86+x86_64, r-release-macos-x86_64, r-release-windows-ix86+x86_64, r-oldrel-macos-x86_64