CRAN Package Check Results for Package AntWeb

Last updated on 2020-04-04 15:48:10 CEST.

Flavor Version Tinstall Tcheck Ttotal Status Flags
r-devel-linux-x86_64-debian-clang 0.7 3.04 26.27 29.31 NOTE
r-devel-linux-x86_64-debian-gcc 0.7 2.65 21.04 23.69 NOTE
r-devel-linux-x86_64-fedora-clang 0.7 36.07 NOTE
r-devel-linux-x86_64-fedora-gcc 0.7 37.77 NOTE
r-devel-windows-ix86+x86_64 0.7 7.00 40.00 47.00 NOTE
r-devel-windows-ix86+x86_64-gcc8 0.7 8.00 43.00 51.00 NOTE
r-patched-linux-x86_64 0.7 3.10 26.01 29.11 NOTE
r-patched-solaris-x86 0.7 57.40 NOTE
r-release-linux-x86_64 0.7 2.72 24.47 27.19 NOTE
r-release-windows-ix86+x86_64 0.7 7.00 64.00 71.00 NOTE
r-release-osx-x86_64 0.7 NOTE
r-oldrel-windows-ix86+x86_64 0.7 6.00 37.00 43.00 NOTE
r-oldrel-osx-x86_64 0.7 NOTE

Check Details

Version: 0.7
Check: R code for possible problems
Result: NOTE
    aw_map: no visible global function definition for 'browseURL'
    Undefined global functions or variables:
     browseURL
    Consider adding
     importFrom("utils", "browseURL")
    to your NAMESPACE file.
Flavors: r-devel-linux-x86_64-debian-clang, r-devel-linux-x86_64-debian-gcc, r-devel-linux-x86_64-fedora-clang, r-devel-linux-x86_64-fedora-gcc, r-devel-windows-ix86+x86_64, r-devel-windows-ix86+x86_64-gcc8, r-patched-linux-x86_64, r-patched-solaris-x86, r-release-linux-x86_64, r-release-windows-ix86+x86_64, r-release-osx-x86_64, r-oldrel-windows-ix86+x86_64, r-oldrel-osx-x86_64