CRAN Package Check Results for Package AzureContainers

Last updated on 2020-09-19 15:52:51 CEST.

Flavor Version Tinstall Tcheck Ttotal Status Flags
r-devel-linux-x86_64-debian-clang 1.3.0 8.74 32.97 41.71 OK
r-devel-linux-x86_64-debian-gcc 1.3.0 6.40 26.46 32.86 OK
r-devel-linux-x86_64-fedora-clang 1.3.0 58.44 NOTE
r-devel-linux-x86_64-fedora-gcc 1.3.0 53.92 NOTE
r-devel-windows-ix86+x86_64 1.3.0 14.00 56.00 70.00 OK
r-patched-linux-x86_64 1.3.0 7.26 32.72 39.98 OK
r-patched-solaris-x86 1.3.0 74.90 NOTE
r-release-linux-x86_64 1.3.0 8.01 32.74 40.75 OK
r-release-macos-x86_64 1.3.0 NOTE
r-release-windows-ix86+x86_64 1.3.0 16.00 58.00 74.00 OK
r-oldrel-macos-x86_64 1.3.0 NOTE
r-oldrel-windows-ix86+x86_64 1.3.0 9.00 48.00 57.00 OK

Check Details

Version: 1.3.0
Check: dependencies in R code
Result: NOTE
    Namespace in Imports field not imported from: ‘openssl’
     All declared Imports should be used.
Flavors: r-devel-linux-x86_64-fedora-clang, r-devel-linux-x86_64-fedora-gcc, r-patched-solaris-x86, r-release-macos-x86_64, r-oldrel-macos-x86_64

Version: 1.3.0
Check: Rd cross-references
Result: NOTE
    Undeclared package ‘AzureAuth’ in Rd xrefs
Flavor: r-devel-linux-x86_64-fedora-clang

Version: 1.3.0
Check: package dependencies
Result: NOTE
    Package suggested but not available for checking: ‘RestRserve’
Flavor: r-patched-solaris-x86