CRAN Package Check Results for Package AzureContainers

Last updated on 2020-02-20 02:48:16 CET.

Flavor Version Tinstall Tcheck Ttotal Status Flags
r-devel-linux-x86_64-debian-clang 1.2.0 6.58 35.36 41.94 OK
r-devel-linux-x86_64-debian-gcc 1.2.0 5.37 27.92 33.29 OK
r-devel-linux-x86_64-fedora-clang 1.2.0 53.27 NOTE
r-devel-linux-x86_64-fedora-gcc 1.2.0 52.11 NOTE
r-devel-windows-ix86+x86_64 1.2.0 11.00 50.00 61.00 OK
r-devel-windows-ix86+x86_64-gcc8 1.2.0 15.00 64.00 79.00 OK
r-patched-linux-x86_64 1.2.0 5.12 32.44 37.56 OK
r-patched-solaris-x86 1.2.0 69.90 NOTE
r-release-linux-x86_64 1.2.0 5.52 32.11 37.63 OK
r-release-windows-ix86+x86_64 1.2.0 8.00 43.00 51.00 OK
r-release-osx-x86_64 1.2.0 NOTE
r-oldrel-windows-ix86+x86_64 1.2.0 7.00 42.00 49.00 OK
r-oldrel-osx-x86_64 1.2.0 NOTE

Check Details

Version: 1.2.0
Check: dependencies in R code
Result: NOTE
    Namespace in Imports field not imported from: ‘openssl’
     All declared Imports should be used.
Flavors: r-devel-linux-x86_64-fedora-clang, r-devel-linux-x86_64-fedora-gcc, r-patched-solaris-x86, r-release-osx-x86_64, r-oldrel-osx-x86_64