CRAN Package Check Results for Package BETS

Last updated on 2020-02-24 02:46:55 CET.

Flavor Version Tinstall Tcheck Ttotal Status Flags
r-devel-linux-x86_64-debian-clang 0.4.9 16.27 114.69 130.96 OK
r-devel-linux-x86_64-debian-gcc 0.4.9 OK
r-devel-linux-x86_64-fedora-clang 0.4.9 166.56 NOTE
r-devel-linux-x86_64-fedora-gcc 0.4.9 153.97 OK
r-devel-windows-ix86+x86_64 0.4.9 36.00 131.00 167.00 OK
r-devel-windows-ix86+x86_64-gcc8 0.4.9 59.00 183.00 242.00 OK
r-patched-linux-x86_64 0.4.9 OK
r-patched-solaris-x86 0.4.9 199.20 OK
r-release-linux-x86_64 0.4.9 15.03 99.90 114.93 OK
r-release-windows-ix86+x86_64 0.4.9 31.00 124.00 155.00 OK
r-release-osx-x86_64 0.4.9 OK
r-oldrel-windows-ix86+x86_64 0.4.9 23.00 150.00 173.00 OK
r-oldrel-osx-x86_64 0.4.9 OK

Check Details

Version: 0.4.9
Check: package dependencies
Result: NOTE
    Imports includes 27 non-default packages.
    Importing from so many packages makes the package vulnerable to any of
    them becoming unavailable. Move as many as possible to Suggests and
    use conditionally.
Flavor: r-devel-linux-x86_64-fedora-clang