CRAN Package Check Results for Package BGData

Last updated on 2020-01-19 14:47:05 CET.

Flavor Version Tinstall Tcheck Ttotal Status Flags
r-devel-linux-x86_64-debian-clang 2.1.0 6.58 58.20 64.78 NOTE
r-devel-linux-x86_64-debian-gcc 2.1.0 4.95 44.28 49.23 NOTE
r-devel-linux-x86_64-fedora-clang 2.1.0 76.29 WARN
r-devel-linux-x86_64-fedora-gcc 2.1.0 78.41 NOTE
r-devel-windows-ix86+x86_64 2.1.0 24.00 148.00 172.00 OK
r-devel-windows-ix86+x86_64-gcc8 2.1.0 16.00 94.00 110.00 OK
r-patched-linux-x86_64 2.1.0 5.08 51.86 56.94 OK
r-patched-solaris-x86 2.1.0 96.60 OK
r-release-linux-x86_64 2.1.0 5.40 51.09 56.49 OK
r-release-windows-ix86+x86_64 2.1.0 25.00 125.00 150.00 OK
r-release-osx-x86_64 2.1.0 OK
r-oldrel-windows-ix86+x86_64 2.1.0 16.00 120.00 136.00 OK
r-oldrel-osx-x86_64 2.1.0 OK

Check Details

Version: 2.1.0
Check: for non-standard things in the check directory
Result: NOTE
    Found the following files/directories:
     'BGData_chr1'
Flavors: r-devel-linux-x86_64-debian-clang, r-devel-linux-x86_64-debian-gcc, r-devel-linux-x86_64-fedora-clang, r-devel-linux-x86_64-fedora-gcc

Version: 2.1.0
Check: package dependencies
Result: WARN
    Requires orphaned package: ‘bit’
Flavor: r-devel-linux-x86_64-fedora-clang