CRAN Package Check Results for Package BH

Last updated on 2020-04-04 03:51:12 CEST.

Flavor Version Tinstall Tcheck Ttotal Status Flags
r-devel-linux-x86_64-debian-clang 1.72.0-3 24.22 38.45 62.67 OK
r-devel-linux-x86_64-debian-gcc 1.72.0-3 14.15 30.79 44.94 OK
r-devel-linux-x86_64-fedora-clang 1.72.0-3 55.01 NOTE
r-devel-linux-x86_64-fedora-gcc 1.72.0-3 55.31 OK
r-devel-windows-ix86+x86_64 1.72.0-3 152.00 100.00 252.00 NOTE
r-devel-windows-ix86+x86_64-gcc8 1.72.0-3 132.00 59.00 191.00 NOTE
r-patched-linux-x86_64 1.72.0-3 21.22 37.46 58.68 OK
r-patched-solaris-x86 1.72.0-3 171.60 NOTE
r-release-linux-x86_64 1.72.0-3 15.14 36.94 52.08 OK
r-release-windows-ix86+x86_64 1.72.0-3 143.00 108.00 251.00 NOTE
r-release-osx-x86_64 1.72.0-3 NOTE
r-oldrel-windows-ix86+x86_64 1.72.0-3 128.00 45.00 173.00 NOTE
r-oldrel-osx-x86_64 1.72.0-3 NOTE

Check Details

Version: 1.72.0-3
Check: installed package size
Result: NOTE
     installed size is 135.0Mb
     sub-directories of 1Mb or more:
     include 134.9Mb
Flavors: r-devel-linux-x86_64-fedora-clang, r-devel-windows-ix86+x86_64, r-devel-windows-ix86+x86_64-gcc8, r-patched-solaris-x86, r-release-windows-ix86+x86_64, r-release-osx-x86_64, r-oldrel-windows-ix86+x86_64, r-oldrel-osx-x86_64