CRAN Package Check Results for Package BIGL

Last updated on 2020-09-29 03:48:16 CEST.

Flavor Version Tinstall Tcheck Ttotal Status Flags
r-devel-linux-x86_64-debian-clang 1.5.3 9.45 411.44 420.89 OK
r-devel-linux-x86_64-debian-gcc 1.5.3 6.63 278.87 285.50 OK
r-devel-linux-x86_64-fedora-clang 1.5.3 483.20 OK
r-devel-linux-x86_64-fedora-gcc 1.5.3 521.06 OK
r-devel-windows-ix86+x86_64 1.5.3 20.00 468.00 488.00 OK
r-patched-linux-x86_64 1.5.3 9.40 389.90 399.30 OK
r-patched-solaris-x86 1.5.3 413.50 WARN
r-release-linux-x86_64 1.5.3 9.09 394.09 403.18 OK
r-release-macos-x86_64 1.5.3 WARN
r-release-windows-ix86+x86_64 1.5.3 21.00 487.00 508.00 OK
r-oldrel-macos-x86_64 1.5.3 WARN
r-oldrel-windows-ix86+x86_64 1.5.3 18.00 453.00 471.00 OK

Check Details

Version: 1.5.3
Check: re-building of vignette outputs
Result: WARN
    Error(s) in re-building vignettes:
     ...
    --- re-building ‘analysis.Rmd’ using rmarkdown
    Warning in engine$weave(file, quiet = quiet, encoding = enc) :
     Pandoc (>= 1.12.3) and/or pandoc-citeproc not available. Falling back to R Markdown v1.
    Warning: Transformation introduced infinite values in continuous x-axis
    Warning: Transformation introduced infinite values in continuous y-axis
    Warning: Transformation introduced infinite values in continuous x-axis
    Warning: Transformation introduced infinite values in continuous y-axis
    Warning: Removed 199 rows containing non-finite values (stat_contour).
    Warning in normalizePath(f2) :
     path[1]="webshot39d01ee9570f.png": No such file or directory
    Warning in file(con, "rb") :
     cannot open file 'webshot39d01ee9570f.png': No such file or directory
    Quitting from lines 245-248 (analysis.Rmd)
    Error: processing vignette 'analysis.Rmd' failed with diagnostics:
    cannot open the connection
    --- failed re-building ‘analysis.Rmd’
    
    --- re-building ‘methodology.Rmd’ using rmarkdown
    Warning in engine$weave(file, quiet = quiet, encoding = enc) :
     Pandoc (>= 1.12.3) and/or pandoc-citeproc not available. Falling back to R Markdown v1.
    --- finished re-building ‘methodology.Rmd’
    
    SUMMARY: processing the following file failed:
     ‘analysis.Rmd’
    
    Error: Vignette re-building failed.
    Execution halted
Flavor: r-patched-solaris-x86

Version: 1.5.3
Check: re-building of vignette outputs
Result: WARN
    Error(s) in re-building vignettes:
    --- re-building ‘analysis.Rmd’ using rmarkdown
    Warning in engine$weave(file, quiet = quiet, encoding = enc) :
     Pandoc (>= 1.12.3) and/or pandoc-citeproc not available. Falling back to R Markdown v1.
    Warning: Transformation introduced infinite values in continuous x-axis
    Warning: Transformation introduced infinite values in continuous y-axis
    Warning: Transformation introduced infinite values in continuous x-axis
    Warning: Transformation introduced infinite values in continuous y-axis
    Warning: Removed 199 rows containing non-finite values (stat_contour).
    Warning in normalizePath(f2) :
     path[1]="webshot13d3c41ddfefd.png": No such file or directory
    Warning in file(con, "rb") :
     cannot open file 'webshot13d3c41ddfefd.png': No such file or directory
    Quitting from lines 245-248 (analysis.Rmd)
    Error: processing vignette 'analysis.Rmd' failed with diagnostics:
    cannot open the connection
    --- failed re-building ‘analysis.Rmd’
    
    --- re-building ‘methodology.Rmd’ using rmarkdown
    Warning in engine$weave(file, quiet = quiet, encoding = enc) :
     Pandoc (>= 1.12.3) and/or pandoc-citeproc not available. Falling back to R Markdown v1.
    --- finished re-building ‘methodology.Rmd’
    
    SUMMARY: processing the following file failed:
     ‘analysis.Rmd’
    
    Error: Vignette re-building failed.
    Execution halted
Flavor: r-release-macos-x86_64

Version: 1.5.3
Check: whether package can be installed
Result: WARN
    Found the following significant warnings:
     Warning: 'rgl.init' failed, running with 'rgl.useNULL = TRUE'.
Flavor: r-oldrel-macos-x86_64

Version: 1.5.3
Check: re-building of vignette outputs
Result: WARN
    Error(s) in re-building vignettes:
    --- re-building ‘analysis.Rmd’ using rmarkdown
    Warning in engine$weave(file, quiet = quiet, encoding = enc) :
     Pandoc (>= 1.12.3) and/or pandoc-citeproc not available. Falling back to R Markdown v1.
    Warning: Transformation introduced infinite values in continuous x-axis
    Warning: Transformation introduced infinite values in continuous y-axis
    Warning: Transformation introduced infinite values in continuous x-axis
    Warning: Transformation introduced infinite values in continuous y-axis
    Warning: Removed 199 rows containing non-finite values (stat_contour).
    Warning in normalizePath(f2) :
     path[1]="webshot63437b92484.png": No such file or directory
    Warning in file(con, "rb") :
     cannot open file 'webshot63437b92484.png': No such file or directory
    Quitting from lines 245-248 (analysis.Rmd)
    Error: processing vignette 'analysis.Rmd' failed with diagnostics:
    cannot open the connection
    --- failed re-building ‘analysis.Rmd’
    
    --- re-building ‘methodology.Rmd’ using rmarkdown
    Warning in engine$weave(file, quiet = quiet, encoding = enc) :
     Pandoc (>= 1.12.3) and/or pandoc-citeproc not available. Falling back to R Markdown v1.
    --- finished re-building ‘methodology.Rmd’
    
    SUMMARY: processing the following file failed:
     ‘analysis.Rmd’
    
    Error: Vignette re-building failed.
    Execution halted
Flavor: r-oldrel-macos-x86_64