CRAN Package Check Results for Package BMhyb

Last updated on 2019-11-11 14:46:28 CET.

Flavor Version Tinstall Tcheck Ttotal Status Flags
r-devel-linux-x86_64-debian-clang 2.1.5 3.79 486.13 489.92 OK
r-devel-linux-x86_64-debian-gcc 2.1.5 3.16 323.59 326.75 OK
r-devel-linux-x86_64-fedora-clang 2.1.5 528.00 NOTE
r-devel-linux-x86_64-fedora-gcc 2.1.5 472.45 NOTE
r-devel-windows-ix86+x86_64 2.1.5 10.00 427.00 437.00 OK
r-patched-linux-x86_64 2.1.5 3.03 523.70 526.73 OK
r-patched-solaris-x86 2.1.5 453.50 NOTE
r-release-linux-x86_64 2.1.5 3.74 397.25 400.99 OK
r-release-windows-ix86+x86_64 2.1.5 10.00 556.00 566.00 OK
r-release-osx-x86_64 2.1.5 NOTE
r-oldrel-windows-ix86+x86_64 2.1.5 7.00 502.00 509.00 OK
r-oldrel-osx-x86_64 2.1.5 NOTE

Check Details

Version: 2.1.5
Check: dependencies in R code
Result: NOTE
    Namespaces in Imports field not imported from:
     ‘lhs’ ‘metR’ ‘methods’ ‘mvtnorm’ ‘numDeriv’ ‘viridis’
     All declared Imports should be used.
Flavors: r-devel-linux-x86_64-fedora-clang, r-devel-linux-x86_64-fedora-gcc, r-patched-solaris-x86, r-release-osx-x86_64, r-oldrel-osx-x86_64