CRAN Package Check Results for Package BayesESS

Last updated on 2020-08-04 03:47:43 CEST.

Flavor Version Tinstall Tcheck Ttotal Status Flags
r-devel-linux-x86_64-debian-clang 0.1.19 55.75 75.28 131.03 OK
r-devel-linux-x86_64-debian-gcc 0.1.19 43.49 58.09 101.58 OK
r-devel-linux-x86_64-fedora-clang 0.1.19 188.32 NOTE
r-devel-linux-x86_64-fedora-gcc 0.1.19 159.76 NOTE
r-devel-windows-ix86+x86_64 0.1.19 151.00 157.00 308.00 OK
r-patched-linux-x86_64 0.1.19 42.09 73.86 115.95 OK
r-patched-solaris-x86 0.1.19 215.80 NOTE
r-release-linux-x86_64 0.1.19 45.88 73.92 119.80 OK
r-release-macos-x86_64 0.1.19 NOTE
r-release-windows-ix86+x86_64 0.1.19 150.00 149.00 299.00 OK
r-oldrel-macos-x86_64 0.1.19 NOTE
r-oldrel-windows-ix86+x86_64 0.1.19 84.00 90.00 174.00 OK

Check Details

Version: 0.1.19
Check: dependencies in R code
Result: NOTE
    Namespaces in Imports field not imported from:
     ‘MASS’ ‘MatrixModels’
     All declared Imports should be used.
Flavors: r-devel-linux-x86_64-fedora-clang, r-devel-linux-x86_64-fedora-gcc, r-patched-solaris-x86, r-release-macos-x86_64, r-oldrel-macos-x86_64