CRAN Package Check Results for Package BayesMFSurv

Last updated on 2020-10-29 02:49:54 CET.

Flavor Version Tinstall Tcheck Ttotal Status Flags
r-devel-linux-x86_64-debian-clang 0.1.0 37.96 87.73 125.69 OK
r-devel-linux-x86_64-debian-gcc 0.1.0 28.49 64.87 93.36 OK
r-devel-linux-x86_64-fedora-clang 0.1.0 164.51 NOTE
r-devel-linux-x86_64-fedora-gcc 0.1.0 171.35 NOTE
r-devel-windows-ix86+x86_64 0.1.0 86.00 171.00 257.00 OK
r-patched-linux-x86_64 0.1.0 35.39 79.07 114.46 OK
r-patched-solaris-x86 0.1.0 196.00 NOTE
r-release-linux-x86_64 0.1.0 34.91 80.43 115.34 OK
r-release-macos-x86_64 0.1.0 NOTE
r-release-windows-ix86+x86_64 0.1.0 66.00 136.00 202.00 OK
r-oldrel-macos-x86_64 0.1.0 NOTE
r-oldrel-windows-ix86+x86_64 0.1.0 76.00 152.00 228.00 OK

Check Details

Version: 0.1.0
Check: dependencies in R code
Result: NOTE
    Namespace in Imports field not imported from: ‘FastGP’
     All declared Imports should be used.
Flavors: r-devel-linux-x86_64-fedora-clang, r-devel-linux-x86_64-fedora-gcc, r-patched-solaris-x86, r-release-macos-x86_64, r-oldrel-macos-x86_64