CRAN Package Check Results for Package BayesNI

Last updated on 2020-01-18 02:47:36 CET.

Flavor Version Tinstall Tcheck Ttotal Status Flags
r-devel-linux-x86_64-debian-clang 0.1 1.88 19.07 20.95 NOTE
r-devel-linux-x86_64-debian-gcc 0.1 1.90 15.33 17.23 NOTE
r-devel-linux-x86_64-fedora-clang 0.1 26.86 NOTE
r-devel-linux-x86_64-fedora-gcc 0.1 27.05 NOTE
r-devel-windows-ix86+x86_64 0.1 7.00 36.00 43.00 NOTE
r-devel-windows-ix86+x86_64-gcc8 0.1 5.00 27.00 32.00 NOTE
r-patched-linux-x86_64 0.1 1.48 17.78 19.26 NOTE
r-patched-solaris-x86 0.1 37.50 NOTE
r-release-linux-x86_64 0.1 1.34 17.70 19.04 NOTE
r-release-windows-ix86+x86_64 0.1 4.00 37.00 41.00 NOTE
r-release-osx-x86_64 0.1 NOTE
r-oldrel-windows-ix86+x86_64 0.1 2.00 24.00 26.00 NOTE
r-oldrel-osx-x86_64 0.1 NOTE

Check Details

Version: 0.1
Check: DESCRIPTION meta-information
Result: NOTE
    Malformed Description field: should contain one or more complete sentences.
Flavors: r-devel-linux-x86_64-debian-clang, r-devel-linux-x86_64-debian-gcc, r-devel-linux-x86_64-fedora-clang, r-devel-linux-x86_64-fedora-gcc, r-devel-windows-ix86+x86_64, r-devel-windows-ix86+x86_64-gcc8, r-patched-linux-x86_64, r-patched-solaris-x86, r-release-linux-x86_64, r-release-windows-ix86+x86_64, r-release-osx-x86_64, r-oldrel-windows-ix86+x86_64, r-oldrel-osx-x86_64

Version: 0.1
Check: R code for possible problems
Result: NOTE
    noninform_prior : a : f1: no visible global function definition for
     'pbeta'
    noninform_prior : a : f1: no visible global function definition for
     'dbeta'
    noninform_prior : a: no visible global function definition for
     'integrate'
    noninform_prior: no visible global function definition for 'rbeta'
    noninform_prior: no visible global function definition for 'optim'
    postNullFun : b : f1: no visible global function definition for 'pbeta'
    postNullFun : b : f1: no visible global function definition for 'dbeta'
    postNullFun : b: no visible global function definition for 'integrate'
    prior_prob : a : f1: no visible global function definition for 'pbeta'
    prior_prob : a : f1: no visible global function definition for 'dbeta'
    prior_prob : a: no visible global function definition for 'integrate'
    Undefined global functions or variables:
     dbeta integrate optim pbeta rbeta
    Consider adding
     importFrom("stats", "dbeta", "integrate", "optim", "pbeta", "rbeta")
    to your NAMESPACE file.
Flavors: r-devel-linux-x86_64-debian-clang, r-devel-linux-x86_64-debian-gcc, r-devel-linux-x86_64-fedora-clang, r-devel-linux-x86_64-fedora-gcc, r-devel-windows-ix86+x86_64, r-devel-windows-ix86+x86_64-gcc8, r-patched-linux-x86_64, r-patched-solaris-x86, r-release-linux-x86_64, r-release-windows-ix86+x86_64, r-release-osx-x86_64, r-oldrel-windows-ix86+x86_64, r-oldrel-osx-x86_64