CRAN Package Check Results for Package BayesPostEst

Last updated on 2020-06-01 15:47:37 CEST.

Flavor Version Tinstall Tcheck Ttotal Status Flags
r-devel-linux-x86_64-debian-clang 0.2.1 8.31 334.63 342.94 OK
r-devel-linux-x86_64-debian-gcc 0.2.1 6.71 256.68 263.39 OK
r-devel-linux-x86_64-fedora-clang 0.2.1 433.86 NOTE
r-devel-linux-x86_64-fedora-gcc 0.2.1 416.93 NOTE
r-devel-windows-ix86+x86_64 0.2.1 33.00 444.00 477.00 OK
r-patched-linux-x86_64 0.2.1 8.33 273.29 281.62 WARN
r-patched-solaris-x86 0.2.1 503.30 NOTE
r-release-linux-x86_64 0.2.1 8.90 269.67 278.57 WARN
r-release-osx-x86_64 0.2.1 NOTE
r-release-windows-ix86+x86_64 0.2.1 18.00 330.00 348.00 OK
r-oldrel-osx-x86_64 0.2.1 NOTE

Check Details

Version: 0.2.1
Check: dependencies in R code
Result: NOTE
    Namespaces in Imports field not imported from:
     ‘HDInterval’ ‘carData’ ‘runjags’
     All declared Imports should be used.
Flavors: r-devel-linux-x86_64-fedora-clang, r-devel-linux-x86_64-fedora-gcc, r-patched-solaris-x86, r-release-osx-x86_64, r-oldrel-osx-x86_64

Version: 0.2.1
Check: package dependencies
Result: NOTE
    Package suggested but not available for checking: ‘rstanarm’
Flavors: r-patched-linux-x86_64, r-release-linux-x86_64

Version: 0.2.1
Check: re-building of vignette outputs
Result: WARN
    Error(s) in re-building vignettes:
     ...
    --- re-building ‘getting_started.Rmd’ using rmarkdown
    Loading required package: rjags
    Loading required package: coda
    Linked to JAGS 4.3.0
    Loaded modules: basemod,bugs
    
    Attaching package: 'R2jags'
    
    The following object is masked from 'package:coda':
    
     traceplot
    
    module glm loaded
    Loading required package: MASS
    ##
    ## Markov Chain Monte Carlo Package (MCMCpack)
    ## Copyright (C) 2003-2020 Andrew D. Martin, Kevin M. Quinn, and Jong Hee Park
    ##
    ## Support provided by the U.S. National Science Foundation
    ## (Grants SES-0350646 and SES-0350613)
    ##
    Loading required package: StanHeaders
    Loading required package: ggplot2
    rstan (Version 2.19.3, GitRev: 2e1f913d3ca3)
    For execution on a local, multicore CPU with excess RAM we recommend calling
    options(mc.cores = parallel::detectCores()).
    To avoid recompilation of unchanged Stan programs, we recommend calling
    rstan_options(auto_write = TRUE)
    
    Attaching package: 'rstan'
    
    The following object is masked from 'package:R2jags':
    
     traceplot
    
    The following object is masked from 'package:coda':
    
     traceplot
    
    Quitting from lines 218-226 (getting_started.Rmd)
    Error: processing vignette 'getting_started.Rmd' failed with diagnostics:
    there is no package called 'rstanarm'
    --- failed re-building ‘getting_started.Rmd’
    
    SUMMARY: processing the following file failed:
     ‘getting_started.Rmd’
    
    Error: Vignette re-building failed.
    Execution halted
Flavors: r-patched-linux-x86_64, r-release-linux-x86_64