CRAN Package Check Results for Package BiodiversityR

Last updated on 2020-01-22 02:49:52 CET.

Flavor Version Tinstall Tcheck Ttotal Status Flags
r-devel-linux-x86_64-debian-clang 2.11-3 62.98 251.06 314.04 OK
r-devel-linux-x86_64-debian-gcc 2.11-3 50.25 187.50 237.75 OK
r-devel-linux-x86_64-fedora-clang 2.11-3 405.89 OK
r-devel-linux-x86_64-fedora-gcc 2.11-3 401.30 OK
r-devel-windows-ix86+x86_64 2.11-3 128.00 351.00 479.00 OK
r-devel-windows-ix86+x86_64-gcc8 2.11-3 140.00 230.00 370.00 OK
r-patched-linux-x86_64 2.11-3 51.99 225.87 277.86 OK
r-patched-solaris-x86 2.11-3 530.30 OK
r-release-linux-x86_64 2.11-3 53.00 223.22 276.22 OK
r-release-windows-ix86+x86_64 2.11-3 79.00 292.00 371.00 OK
r-release-osx-x86_64 2.11-3 WARN
r-oldrel-windows-ix86+x86_64 2.11-3 59.00 178.00 237.00 OK
r-oldrel-osx-x86_64 2.11-3 WARN

Check Details

Version: 2.11-3
Check: whether package can be installed
Result: WARN
    Found the following significant warnings:
     Warning: 'rgl_init' failed, running with rgl.useNULL = TRUE
Flavors: r-release-osx-x86_64, r-oldrel-osx-x86_64

Version: 2.11-3
Check: dependencies in R code
Result: NOTE
    No protocol specified
    No protocol specified
    No protocol specified
Flavors: r-release-osx-x86_64, r-oldrel-osx-x86_64

Version: 2.11-3
Check: S3 generic/method consistency
Result: WARN
    No protocol specified
    No protocol specified
    No protocol specified
    See section ‘Generic functions and methods’ in the ‘Writing R
    Extensions’ manual.
Flavors: r-release-osx-x86_64, r-oldrel-osx-x86_64

Version: 2.11-3
Check: replacement functions
Result: WARN
    No protocol specified
    No protocol specified
    No protocol specified
    The argument of a replacement function which corresponds to the right
    hand side must be named ‘value’.
Flavors: r-release-osx-x86_64, r-oldrel-osx-x86_64

Version: 2.11-3
Check: foreign function calls
Result: NOTE
    No protocol specified
    No protocol specified
    No protocol specified
    See chapter ‘System and foreign language interfaces’ in the ‘Writing R
    Extensions’ manual.
Flavors: r-release-osx-x86_64, r-oldrel-osx-x86_64

Version: 2.11-3
Check: R code for possible problems
Result: NOTE
    No protocol specified
    No protocol specified
    No protocol specified
Flavors: r-release-osx-x86_64, r-oldrel-osx-x86_64

Version: 2.11-3
Check: for missing documentation entries
Result: WARN
    No protocol specified
    No protocol specified
    No protocol specified
    All user-level objects in a package should have documentation entries.
    See chapter ‘Writing R documentation files’ in the ‘Writing R
    Extensions’ manual.
Flavors: r-release-osx-x86_64, r-oldrel-osx-x86_64

Version: 2.11-3
Check: for code/documentation mismatches
Result: WARN
    No protocol specified
    No protocol specified
    No protocol specified
    No protocol specified
    No protocol specified
    No protocol specified
    No protocol specified
    No protocol specified
    No protocol specified
Flavors: r-release-osx-x86_64, r-oldrel-osx-x86_64

Version: 2.11-3
Check: Rd \usage sections
Result: NOTE
    No protocol specified
    No protocol specified
    No protocol specified
    The \usage entries for S3 methods should use the \method markup and not
    their full name.
    See chapter ‘Writing R documentation files’ in the ‘Writing R
    Extensions’ manual.
Flavors: r-release-osx-x86_64, r-oldrel-osx-x86_64