CRAN Package Check Results for Package CB2

Last updated on 2020-02-21 14:46:57 CET.

Flavor Version Tinstall Tcheck Ttotal Status Flags
r-devel-linux-x86_64-debian-clang 1.3.0 43.15 78.56 121.71 OK
r-devel-linux-x86_64-debian-gcc 1.3.0 29.43 60.76 90.19 OK
r-devel-linux-x86_64-fedora-clang 1.3.0 155.23 NOTE
r-devel-linux-x86_64-fedora-gcc 1.3.0 147.44 OK
r-devel-windows-ix86+x86_64 1.3.0 71.00 159.00 230.00 OK
r-devel-windows-ix86+x86_64-gcc8 1.3.0 106.00 215.00 321.00 NOTE
r-patched-linux-x86_64 1.3.0 34.78 69.11 103.89 OK
r-patched-solaris-x86 1.3.0 190.50 OK
r-release-linux-x86_64 1.3.0 34.59 69.63 104.22 OK
r-release-windows-ix86+x86_64 1.3.0 71.00 166.00 237.00 OK
r-release-osx-x86_64 1.3.0 NOTE
r-oldrel-windows-ix86+x86_64 1.3.0 69.00 136.00 205.00 OK
r-oldrel-osx-x86_64 1.3.0 NOTE

Check Details

Version: 1.3.0
Check: installed package size
Result: NOTE
     installed size is 5.8Mb
     sub-directories of 1Mb or more:
     data 1.6Mb
     extdata 1.1Mb
     libs 2.7Mb
Flavors: r-devel-linux-x86_64-fedora-clang, r-devel-windows-ix86+x86_64-gcc8, r-release-osx-x86_64, r-oldrel-osx-x86_64