CRAN Package Check Results for Package CB2

Last updated on 2019-09-23 03:48:53 CEST.

Flavor Version Tinstall Tcheck Ttotal Status Flags
r-devel-linux-x86_64-debian-clang 1.2.1 31.59 47.90 79.49 OK
r-devel-linux-x86_64-debian-gcc 1.2.1 26.41 37.27 63.68 OK
r-devel-linux-x86_64-fedora-clang 1.2.1 108.64 NOTE
r-devel-linux-x86_64-fedora-gcc 1.2.1 104.69 OK
r-devel-windows-ix86+x86_64 1.2.1 97.00 125.00 222.00 OK
r-patched-linux-x86_64 1.2.1 29.82 45.30 75.12 OK
r-patched-solaris-x86 1.2.1 125.50 OK
r-release-linux-x86_64 1.2.1 30.00 45.56 75.56 OK
r-release-windows-ix86+x86_64 1.2.1 97.00 158.00 255.00 OK
r-release-osx-x86_64 1.2.1 NOTE
r-oldrel-windows-ix86+x86_64 1.2.1 65.00 84.00 149.00 OK
r-oldrel-osx-x86_64 1.2.1 NOTE

Check Details

Version: 1.2.1
Check: installed package size
Result: NOTE
     installed size is 5.2Mb
     sub-directories of 1Mb or more:
     data 1.2Mb
     extdata 1.1Mb
     libs 2.6Mb
Flavors: r-devel-linux-x86_64-fedora-clang, r-release-osx-x86_64, r-oldrel-osx-x86_64