CRAN Package Check Results for Package CHNOSZ

Last updated on 2020-07-11 03:46:58 CEST.

Flavor Version Tinstall Tcheck Ttotal Status Flags
r-devel-linux-x86_64-debian-clang 1.3.6 27.08 320.15 347.23 OK
r-devel-linux-x86_64-debian-gcc 1.3.6 20.02 242.65 262.67 OK
r-devel-linux-x86_64-fedora-clang 1.3.6 410.14 OK
r-devel-linux-x86_64-fedora-gcc 1.3.6 417.68 OK
r-devel-windows-ix86+x86_64 1.3.6 47.00 565.00 612.00 OK
r-patched-linux-x86_64 1.3.6 26.80 320.49 347.29 OK
r-patched-solaris-x86 1.3.6 543.20 NOTE
r-release-linux-x86_64 1.3.6 26.81 320.15 346.96 OK
r-release-osx-x86_64 1.3.6 OK
r-release-windows-ix86+x86_64 1.3.6 40.00 628.00 668.00 OK
r-oldrel-osx-x86_64 1.3.6 OK
r-oldrel-windows-ix86+x86_64 1.3.6 53.00 459.00 512.00 OK

Check Details

Version: 1.3.6
Check: installed package size
Result: NOTE
     installed size is 5.1Mb
     sub-directories of 1Mb or more:
     doc 2.8Mb
Flavor: r-patched-solaris-x86