CRAN Package Check Results for Package CKLRT

Last updated on 2020-02-26 05:47:04 CET.

Flavor Version Tinstall Tcheck Ttotal Status Flags
r-devel-linux-x86_64-debian-clang 0.2.3 48.16 69.40 117.56 OK
r-devel-linux-x86_64-debian-gcc 0.2.3 41.28 55.80 97.08 OK
r-devel-linux-x86_64-fedora-clang 0.2.3 174.18 NOTE
r-devel-linux-x86_64-fedora-gcc 0.2.3 157.37 OK
r-devel-windows-ix86+x86_64 0.2.3 78.00 116.00 194.00 OK
r-devel-windows-ix86+x86_64-gcc8 0.2.3 81.00 122.00 203.00 OK
r-patched-linux-x86_64 0.2.3 45.53 64.55 110.08 OK
r-patched-solaris-x86 0.2.3 190.00 OK
r-release-linux-x86_64 0.2.3 45.00 63.85 108.85 OK
r-release-windows-ix86+x86_64 0.2.3 77.00 118.00 195.00 OK
r-release-osx-x86_64 0.2.3 NOTE
r-oldrel-windows-ix86+x86_64 0.2.3 87.00 117.00 204.00 OK
r-oldrel-osx-x86_64 0.2.3 NOTE

Check Details

Version: 0.2.3
Check: installed package size
Result: NOTE
     installed size is 13.1Mb
     sub-directories of 1Mb or more:
     libs 12.8Mb
Flavors: r-devel-linux-x86_64-fedora-clang, r-release-osx-x86_64, r-oldrel-osx-x86_64