CRAN Package Check Results for Package CORE

Last updated on 2020-08-14 03:47:38 CEST.

Flavor Version Tinstall Tcheck Ttotal Status Flags
r-devel-linux-x86_64-debian-clang 3.0 3.78 28.13 31.91 NOTE
r-devel-linux-x86_64-debian-gcc 3.0 3.45 22.01 25.46 NOTE
r-devel-linux-x86_64-fedora-clang 3.0 47.25 NOTE
r-devel-linux-x86_64-fedora-gcc 3.0 37.23 NOTE
r-devel-windows-ix86+x86_64 3.0 10.00 52.00 62.00 NOTE
r-patched-linux-x86_64 3.0 3.43 28.70 32.13 NOTE
r-patched-solaris-x86 3.0 58.60 NOTE
r-release-linux-x86_64 3.0 3.45 28.38 31.83 NOTE
r-release-macos-x86_64 3.0 NOTE
r-release-windows-ix86+x86_64 3.0 8.00 35.00 43.00 NOTE
r-oldrel-macos-x86_64 3.0 NOTE
r-oldrel-windows-ix86+x86_64 3.0 7.00 51.00 58.00 NOTE

Check Details

Version: 3.0
Check: R code for possible problems
Result: NOTE
    advanceRNG: no visible global function definition for 'runif'
    randomEventMoves: no visible global function definition for 'runif'
    randomRescaledEventMoves: no visible global function definition for
     'runif'
    Undefined global functions or variables:
     runif
    Consider adding
     importFrom("stats", "runif")
    to your NAMESPACE file.
Flavors: r-devel-linux-x86_64-debian-clang, r-devel-linux-x86_64-debian-gcc, r-devel-linux-x86_64-fedora-clang, r-devel-linux-x86_64-fedora-gcc, r-devel-windows-ix86+x86_64, r-patched-linux-x86_64, r-patched-solaris-x86, r-release-linux-x86_64, r-release-macos-x86_64, r-release-windows-ix86+x86_64, r-oldrel-macos-x86_64, r-oldrel-windows-ix86+x86_64