CRAN Package Check Results for Package CORE

Last updated on 2020-01-19 02:48:52 CET.

Flavor Version Tinstall Tcheck Ttotal Status Flags
r-devel-linux-x86_64-debian-clang 3.0 3.21 28.46 31.67 NOTE
r-devel-linux-x86_64-debian-gcc 3.0 3.23 21.99 25.22 NOTE
r-devel-linux-x86_64-fedora-clang 3.0 38.73 NOTE
r-devel-linux-x86_64-fedora-gcc 3.0 39.55 NOTE
r-devel-windows-ix86+x86_64 3.0 12.00 53.00 65.00 NOTE
r-devel-windows-ix86+x86_64-gcc8 3.0 6.00 42.00 48.00 NOTE
r-patched-linux-x86_64 3.0 3.12 26.16 29.28 NOTE
r-patched-solaris-x86 3.0 55.30 NOTE
r-release-linux-x86_64 3.0 2.85 26.48 29.33 NOTE
r-release-windows-ix86+x86_64 3.0 7.00 51.00 58.00 NOTE
r-release-osx-x86_64 3.0 NOTE
r-oldrel-windows-ix86+x86_64 3.0 4.00 34.00 38.00 NOTE
r-oldrel-osx-x86_64 3.0 NOTE

Check Details

Version: 3.0
Check: R code for possible problems
Result: NOTE
    advanceRNG: no visible global function definition for 'runif'
    randomEventMoves: no visible global function definition for 'runif'
    randomRescaledEventMoves: no visible global function definition for
     'runif'
    Undefined global functions or variables:
     runif
    Consider adding
     importFrom("stats", "runif")
    to your NAMESPACE file.
Flavors: r-devel-linux-x86_64-debian-clang, r-devel-linux-x86_64-debian-gcc, r-devel-linux-x86_64-fedora-clang, r-devel-linux-x86_64-fedora-gcc, r-devel-windows-ix86+x86_64, r-devel-windows-ix86+x86_64-gcc8, r-patched-linux-x86_64, r-patched-solaris-x86, r-release-linux-x86_64, r-release-windows-ix86+x86_64, r-release-osx-x86_64, r-oldrel-windows-ix86+x86_64, r-oldrel-osx-x86_64