CRAN Package Check Results for Package CUSUMdesign

Last updated on 2019-09-21 03:48:20 CEST.

Flavor Version Tinstall Tcheck Ttotal Status Flags
r-devel-linux-x86_64-debian-clang 1.1.3 2.85 18.73 21.58 OK
r-devel-linux-x86_64-debian-gcc 1.1.3 2.46 15.18 17.64 OK
r-devel-linux-x86_64-fedora-clang 1.1.3 27.12 NOTE
r-devel-linux-x86_64-fedora-gcc 1.1.3 26.69 NOTE
r-devel-windows-ix86+x86_64 1.1.3 15.00 43.00 58.00 OK
r-patched-linux-x86_64 1.1.3 2.96 18.87 21.83 OK
r-patched-solaris-x86 1.1.3 41.40 OK
r-release-linux-x86_64 1.1.3 2.77 18.69 21.46 OK
r-release-windows-ix86+x86_64 1.1.3 14.00 51.00 65.00 OK
r-release-osx-x86_64 1.1.3 OK
r-oldrel-windows-ix86+x86_64 1.1.3 7.00 33.00 40.00 OK
r-oldrel-osx-x86_64 1.1.3 OK

Check Details

Version: 1.1.3
Check: compiled code
Result: NOTE
    File ‘CUSUMdesign/libs/CUSUMdesign.so’:
     Found no calls to: ‘R_registerRoutines’, ‘R_useDynamicSymbols’
    
    It is good practice to register native routines and to disable symbol
    search.
    
    See ‘Writing portable packages’ in the ‘Writing R Extensions’ manual.
Flavors: r-devel-linux-x86_64-fedora-clang, r-devel-linux-x86_64-fedora-gcc