CRAN Package Check Results for Package Cairo

Last updated on 2020-04-09 15:53:38 CEST.

Flavor Version Tinstall Tcheck Ttotal Status Flags
r-devel-linux-x86_64-debian-clang 1.5-11 8.76 22.60 31.36 NOTE
r-devel-linux-x86_64-debian-gcc 1.5-11 5.31 17.98 23.29 NOTE
r-devel-linux-x86_64-fedora-clang 1.5-11 39.50 NOTE
r-devel-linux-x86_64-fedora-gcc 1.5-11 37.74 NOTE
r-devel-windows-ix86+x86_64 1.5-11 28.00 61.00 89.00 OK
r-devel-windows-ix86+x86_64-gcc8 1.5-11 27.00 41.00 68.00 WARN
r-patched-linux-x86_64 1.5-11 6.76 22.38 29.14 NOTE
r-patched-osx-x86_64 1.5-11 NOTE
r-patched-solaris-x86 1.5-11 59.00 NOTE
r-release-linux-x86_64 1.5-11 6.20 21.33 27.53 NOTE
r-release-windows-ix86+x86_64 1.5-11 41.00 68.00 109.00 OK
r-release-osx-x86_64 1.5-11 NOTE
r-oldrel-windows-ix86+x86_64 1.5-11 28.00 41.00 69.00 OK
r-oldrel-osx-x86_64 1.5-11 NOTE

Check Details

Version: 1.5-11
Check: compiled code
Result: NOTE
    File 'Cairo/libs/Cairo.so':
     Found non-API calls to R: 'R_InputHandlers', 'addInputHandler'
    
    Compiled code should not call non-API entry points in R.
    
    See 'Writing portable packages' in the 'Writing R Extensions' manual.
Flavors: r-devel-linux-x86_64-debian-clang, r-devel-linux-x86_64-debian-gcc, r-devel-linux-x86_64-fedora-clang, r-devel-linux-x86_64-fedora-gcc, r-patched-linux-x86_64, r-patched-osx-x86_64, r-patched-solaris-x86, r-release-linux-x86_64, r-release-osx-x86_64, r-oldrel-osx-x86_64

Version: 1.5-11
Check: whether package can be installed
Result: WARN
    Found the following significant warnings:
     w32-backend.c:24:5: warning: initialization of 'char **' from incompatible pointer type 'const char **' [-Wincompatible-pointer-types]
Flavor: r-devel-windows-ix86+x86_64-gcc8

Version: 1.5-11
Check: installed package size
Result: NOTE
     installed size is 21.0Mb
     sub-directories of 1Mb or more:
     libs 20.9Mb
Flavor: r-patched-osx-x86_64

Version: 1.5-11
Check: package dependencies
Result: NOTE
    Package which this enhances but not available for checking: ‘FastRWeb’
Flavor: r-patched-solaris-x86