CRAN Package Check Results for Package CensSpatial

Last updated on 2020-07-10 03:47:14 CEST.

Flavor Version Tinstall Tcheck Ttotal Status Flags
r-devel-linux-x86_64-debian-clang 2.58 24.06 157.02 181.08 OK
r-devel-linux-x86_64-debian-gcc 2.58 17.40 121.07 138.47 OK
r-devel-linux-x86_64-fedora-clang 2.58 224.94 OK
r-devel-linux-x86_64-fedora-gcc 2.58 217.24 OK
r-devel-windows-ix86+x86_64 2.58 29.00 147.00 176.00 OK
r-patched-linux-x86_64 2.58 23.58 156.21 179.79 OK
r-patched-solaris-x86 2.58 329.00 OK
r-release-linux-x86_64 2.58 22.71 156.02 178.73 OK
r-release-osx-x86_64 2.58 OK
r-release-windows-ix86+x86_64 2.58 27.00 170.00 197.00 OK
r-oldrel-osx-x86_64 2.58 WARN
r-oldrel-windows-ix86+x86_64 2.58 37.00 133.00 170.00 OK

Additional issues

donttest

Check Details

Version: 2.58
Check: dependencies in R code
Result: NOTE
    No protocol specified
    No protocol specified
Flavor: r-oldrel-osx-x86_64

Version: 2.58
Check: S3 generic/method consistency
Result: WARN
    No protocol specified
    No protocol specified
    See section ‘Generic functions and methods’ in the ‘Writing R
    Extensions’ manual.
Flavor: r-oldrel-osx-x86_64

Version: 2.58
Check: replacement functions
Result: WARN
    No protocol specified
    No protocol specified
    The argument of a replacement function which corresponds to the right
    hand side must be named ‘value’.
Flavor: r-oldrel-osx-x86_64

Version: 2.58
Check: foreign function calls
Result: NOTE
    No protocol specified
    No protocol specified
    See chapter ‘System and foreign language interfaces’ in the ‘Writing R
    Extensions’ manual.
Flavor: r-oldrel-osx-x86_64

Version: 2.58
Check: R code for possible problems
Result: NOTE
    No protocol specified
    No protocol specified
Flavor: r-oldrel-osx-x86_64

Version: 2.58
Check: for missing documentation entries
Result: WARN
    No protocol specified
    No protocol specified
    All user-level objects in a package should have documentation entries.
    See chapter ‘Writing R documentation files’ in the ‘Writing R
    Extensions’ manual.
Flavor: r-oldrel-osx-x86_64

Version: 2.58
Check: for code/documentation mismatches
Result: WARN
    No protocol specified
    No protocol specified
    No protocol specified
    No protocol specified
    No protocol specified
    No protocol specified
Flavor: r-oldrel-osx-x86_64

Version: 2.58
Check: Rd \usage sections
Result: NOTE
    No protocol specified
    No protocol specified
    The \usage entries for S3 methods should use the \method markup and not
    their full name.
    See chapter ‘Writing R documentation files’ in the ‘Writing R
    Extensions’ manual.
Flavor: r-oldrel-osx-x86_64