CRAN Package Check Results for Package Claddis

Last updated on 2020-04-05 03:47:34 CEST.

Flavor Version Tinstall Tcheck Ttotal Status Flags
r-devel-linux-x86_64-debian-clang 0.3.4 13.17 110.15 123.32 OK
r-devel-linux-x86_64-debian-gcc 0.3.4 13.83 85.68 99.51 OK
r-devel-linux-x86_64-fedora-clang 0.3.4 148.10 OK
r-devel-linux-x86_64-fedora-gcc 0.3.4 152.21 OK
r-devel-windows-ix86+x86_64 0.3.4 25.00 119.00 144.00 OK
r-devel-windows-ix86+x86_64-gcc8 0.3.4 26.00 127.00 153.00 OK
r-patched-linux-x86_64 0.3.4 13.78 108.08 121.86 OK
r-patched-solaris-x86 0.3.4 214.20 OK
r-release-linux-x86_64 0.3.4 12.97 97.68 110.65 OK
r-release-windows-ix86+x86_64 0.3.4 22.00 169.00 191.00 OK
r-release-osx-x86_64 0.3.4 NOTE
r-oldrel-windows-ix86+x86_64 0.3.4 17.00 112.00 129.00 OK
r-oldrel-osx-x86_64 0.3.4 NOTE

Check Details

Version: 0.3.4
Check: dependencies in R code
Result: NOTE
    No protocol specified
Flavors: r-release-osx-x86_64, r-oldrel-osx-x86_64