CRAN Package Check Results for Package Cluster.OBeu

Last updated on 2020-01-24 14:47:43 CET.

Flavor Version Tinstall Tcheck Ttotal Status Flags
r-devel-linux-x86_64-debian-clang 1.2.3 4.74 47.02 51.76 OK
r-devel-linux-x86_64-debian-gcc 1.2.3 4.49 36.24 40.73 OK
r-devel-linux-x86_64-fedora-clang 1.2.3 62.57 WARN
r-devel-linux-x86_64-fedora-gcc 1.2.3 61.98 OK
r-devel-windows-ix86+x86_64 1.2.3 21.00 90.00 111.00 OK
r-devel-windows-ix86+x86_64-gcc8 1.2.3 31.00 88.00 119.00 OK
r-patched-linux-x86_64 1.2.3 3.82 41.09 44.91 OK
r-patched-solaris-x86 1.2.3 88.90 OK
r-release-linux-x86_64 1.2.3 3.78 41.12 44.90 OK
r-release-windows-ix86+x86_64 1.2.3 13.00 55.00 68.00 OK
r-release-osx-x86_64 1.2.3 OK
r-oldrel-windows-ix86+x86_64 1.2.3 7.00 51.00 58.00 OK
r-oldrel-osx-x86_64 1.2.3 OK

Check Details

Version: 1.2.3
Check: package dependencies
Result: WARN
    Requires orphaned package: ‘clValid’
Flavor: r-devel-linux-x86_64-fedora-clang