CRAN Package Check Results for Package Coinprofile

Last updated on 2020-04-04 03:51:14 CEST.

Flavor Version Tinstall Tcheck Ttotal Status Flags
r-devel-linux-x86_64-debian-clang 0.1.9 3.66 31.85 35.51 OK
r-devel-linux-x86_64-debian-gcc 0.1.9 3.12 24.27 27.39 OK
r-devel-linux-x86_64-fedora-clang 0.1.9 42.47 NOTE
r-devel-linux-x86_64-fedora-gcc 0.1.9 43.22 NOTE
r-devel-windows-ix86+x86_64 0.1.9 11.00 41.00 52.00 OK
r-devel-windows-ix86+x86_64-gcc8 0.1.9 10.00 41.00 51.00 OK
r-patched-linux-x86_64 0.1.9 3.36 31.83 35.19 OK
r-patched-solaris-x86 0.1.9 59.00 NOTE
r-release-linux-x86_64 0.1.9 3.04 28.77 31.81 OK
r-release-windows-ix86+x86_64 0.1.9 7.00 43.00 50.00 OK
r-release-osx-x86_64 0.1.9 NOTE
r-oldrel-windows-ix86+x86_64 0.1.9 7.00 40.00 47.00 OK
r-oldrel-osx-x86_64 0.1.9 NOTE

Check Details

Version: 0.1.9
Check: dependencies in R code
Result: NOTE
    Namespaces in Imports field not imported from:
     ‘Rdpack’ ‘coin’ ‘ggplot2’ ‘plyr’
     All declared Imports should be used.
Flavors: r-devel-linux-x86_64-fedora-clang, r-devel-linux-x86_64-fedora-gcc, r-patched-solaris-x86, r-release-osx-x86_64, r-oldrel-osx-x86_64