CRAN Package Check Results for Package ConsRank

Last updated on 2020-06-02 03:47:45 CEST.

Flavor Version Tinstall Tcheck Ttotal Status Flags
r-devel-linux-x86_64-debian-clang 2.1.0 7.25 70.27 77.52 OK
r-devel-linux-x86_64-debian-gcc 2.1.0 6.18 52.15 58.33 OK
r-devel-linux-x86_64-fedora-clang 2.1.0 99.65 OK
r-devel-linux-x86_64-fedora-gcc 2.1.0 89.51 OK
r-devel-windows-ix86+x86_64 2.1.0 21.00 118.00 139.00 OK
r-patched-linux-x86_64 2.1.0 8.82 70.79 79.61 OK
r-patched-solaris-x86 2.1.0 119.80 OK
r-release-linux-x86_64 2.1.0 7.90 69.93 77.83 OK
r-release-osx-x86_64 2.1.0 OK
r-release-windows-ix86+x86_64 2.1.0 15.00 89.00 104.00 OK
r-oldrel-osx-x86_64 2.1.0 WARN
r-oldrel-windows-ix86+x86_64 2.1.0 14.00 81.00 95.00 OK

Check Details

Version: 2.1.0
Check: whether package can be installed
Result: WARN
    Found the following significant warnings:
     Warning: 'rgl_init' failed, running with rgl.useNULL = TRUE
Flavor: r-oldrel-osx-x86_64

Version: 2.1.0
Check: dependencies in R code
Result: NOTE
    No protocol specified
Flavor: r-oldrel-osx-x86_64

Version: 2.1.0
Check: S3 generic/method consistency
Result: WARN
    No protocol specified
    See section ‘Generic functions and methods’ in the ‘Writing R
    Extensions’ manual.
Flavor: r-oldrel-osx-x86_64

Version: 2.1.0
Check: replacement functions
Result: WARN
    No protocol specified
    The argument of a replacement function which corresponds to the right
    hand side must be named ‘value’.
Flavor: r-oldrel-osx-x86_64

Version: 2.1.0
Check: foreign function calls
Result: NOTE
    No protocol specified
    See chapter ‘System and foreign language interfaces’ in the ‘Writing R
    Extensions’ manual.
Flavor: r-oldrel-osx-x86_64

Version: 2.1.0
Check: R code for possible problems
Result: NOTE
    No protocol specified
Flavor: r-oldrel-osx-x86_64

Version: 2.1.0
Check: for missing documentation entries
Result: WARN
    No protocol specified
    All user-level objects in a package should have documentation entries.
    See chapter ‘Writing R documentation files’ in the ‘Writing R
    Extensions’ manual.
Flavor: r-oldrel-osx-x86_64

Version: 2.1.0
Check: for code/documentation mismatches
Result: WARN
    No protocol specified
    No protocol specified
    No protocol specified
Flavor: r-oldrel-osx-x86_64

Version: 2.1.0
Check: Rd \usage sections
Result: NOTE
    No protocol specified
    The \usage entries for S3 methods should use the \method markup and not
    their full name.
    See chapter ‘Writing R documentation files’ in the ‘Writing R
    Extensions’ manual.
Flavor: r-oldrel-osx-x86_64