CRAN Package Check Results for Package CorDiff

Last updated on 2019-09-19 15:48:13 CEST.

Flavor Version Tinstall Tcheck Ttotal Status Flags
r-devel-linux-x86_64-debian-clang 1.0 1.73 16.90 18.63 OK
r-devel-linux-x86_64-debian-gcc 1.0 1.29 13.91 15.20 OK
r-devel-linux-x86_64-fedora-clang 1.0 23.87 NOTE
r-devel-linux-x86_64-fedora-gcc 1.0 23.26 NOTE
r-devel-windows-ix86+x86_64 1.0 7.00 43.00 50.00 OK
r-patched-linux-x86_64 1.0 1.21 17.13 18.34 OK
r-patched-solaris-x86 1.0 35.60 NOTE
r-release-linux-x86_64 1.0 1.49 17.21 18.70 OK
r-release-windows-ix86+x86_64 1.0 4.00 40.00 44.00 OK
r-release-osx-x86_64 1.0 NOTE
r-oldrel-windows-ix86+x86_64 1.0 2.00 30.00 32.00 OK
r-oldrel-osx-x86_64 1.0 NOTE

Check Details

Version: 1.0
Check: dependencies in R code
Result: NOTE
    Namespace in Imports field not imported from: ‘mcc’
     All declared Imports should be used.
Flavors: r-devel-linux-x86_64-fedora-clang, r-devel-linux-x86_64-fedora-gcc, r-patched-solaris-x86, r-release-osx-x86_64, r-oldrel-osx-x86_64