CRAN Package Check Results for Package CorrectedFDR

Last updated on 2020-02-20 20:48:21 CET.

Flavor Version Tinstall Tcheck Ttotal Status Flags
r-devel-linux-x86_64-debian-clang 1.0 1.70 18.26 19.96 OK
r-devel-linux-x86_64-debian-gcc 1.0 1.56 15.08 16.64 OK
r-devel-linux-x86_64-fedora-clang 1.0 25.47 OK
r-devel-linux-x86_64-fedora-gcc 1.0 24.37 OK
r-devel-windows-ix86+x86_64 1.0 6.00 29.00 35.00 NOTE
r-devel-windows-ix86+x86_64-gcc8 1.0 8.00 39.00 47.00 NOTE
r-patched-linux-x86_64 1.0 1.35 16.66 18.01 OK
r-patched-solaris-x86 1.0 36.50 OK
r-release-linux-x86_64 1.0 1.45 16.83 18.28 OK
r-release-windows-ix86+x86_64 1.0 3.00 30.00 33.00 NOTE
r-release-osx-x86_64 1.0 NOTE
r-oldrel-windows-ix86+x86_64 1.0 2.00 30.00 32.00 NOTE
r-oldrel-osx-x86_64 1.0 NOTE

Check Details

Version: 1.0
Check: package dependencies
Result: NOTE
    Package suggested but not available for checking: 'ProData'
Flavors: r-devel-windows-ix86+x86_64, r-devel-windows-ix86+x86_64-gcc8, r-release-windows-ix86+x86_64, r-release-osx-x86_64, r-oldrel-windows-ix86+x86_64, r-oldrel-osx-x86_64