CRAN Package Check Results for Package CorrectedFDR

Last updated on 2019-09-23 03:48:54 CEST.

Flavor Version Tinstall Tcheck Ttotal Status Flags
r-devel-linux-x86_64-debian-clang 1.0 1.64 16.70 18.34 OK
r-devel-linux-x86_64-debian-gcc 1.0 1.40 13.80 15.20 OK
r-devel-linux-x86_64-fedora-clang 1.0 23.20 OK
r-devel-linux-x86_64-fedora-gcc 1.0 23.36 OK
r-devel-windows-ix86+x86_64 1.0 5.00 40.00 45.00 NOTE
r-patched-linux-x86_64 1.0 1.40 17.02 18.42 OK
r-patched-solaris-x86 1.0 36.10 OK
r-release-linux-x86_64 1.0 1.45 16.68 18.13 OK
r-release-windows-ix86+x86_64 1.0 7.00 42.00 49.00 NOTE
r-release-osx-x86_64 1.0 NOTE
r-oldrel-windows-ix86+x86_64 1.0 2.00 27.00 29.00 NOTE
r-oldrel-osx-x86_64 1.0 NOTE

Check Details

Version: 1.0
Check: package dependencies
Result: NOTE
    Package suggested but not available for checking: 'ProData'
Flavors: r-devel-windows-ix86+x86_64, r-release-windows-ix86+x86_64, r-release-osx-x86_64, r-oldrel-windows-ix86+x86_64, r-oldrel-osx-x86_64