CRAN Package Check Results for Package Crossover

Last updated on 2019-09-19 03:48:07 CEST.

Flavor Version Tinstall Tcheck Ttotal Status Flags
r-devel-linux-x86_64-debian-clang 0.1-18 37.24 174.33 211.57 OK
r-devel-linux-x86_64-debian-gcc 0.1-18 30.62 131.80 162.42 OK
r-devel-linux-x86_64-fedora-clang 0.1-18 260.82 OK
r-devel-linux-x86_64-fedora-gcc 0.1-18 260.85 OK
r-devel-windows-ix86+x86_64 0.1-18 80.00 8.00 88.00 ERROR
r-patched-linux-x86_64 0.1-18 32.82 167.73 200.55 OK
r-patched-solaris-x86 0.1-18 348.20 OK
r-release-linux-x86_64 0.1-18 31.00 166.92 197.92 OK
r-release-windows-ix86+x86_64 0.1-18 63.00 247.00 310.00 OK
r-release-osx-x86_64 0.1-18 OK
r-oldrel-windows-ix86+x86_64 0.1-18 62.00 230.00 292.00 WARN
r-oldrel-osx-x86_64 0.1-18 OK

Check Details

Version: 0.1-18
Check: whether package can be installed
Result: ERROR
    Installation failed.
Flavor: r-devel-windows-ix86+x86_64

Version: 0.1-18
Check: whether package can be installed
Result: WARN
    Found the following significant warnings:
     Warning: S3 methods '[.fun_list', '[.grouped_df', 'all.equal.tbl_df', 'anti_join.data.frame', 'anti_join.tbl_df', 'arrange.data.frame', 'arrange.default', 'arrange.grouped_df', 'arrange.tbl_df', 'arrange_.data.frame', 'arrange_.tbl_df', 'as.data.frame.grouped_df', 'as.data.frame.rowwise_df', 'as.data.frame.tbl_cube', 'as.table.tbl_cube', 'as.tbl.data.frame', 'as.tbl.tbl', 'as.tbl_cube.array', 'as.tbl_cube.data.frame', 'as.tbl_cube.matrix', 'as.tbl_cube.table', 'as_tibble.grouped_df', 'as_tibble.tbl_cube', 'auto_copy.tbl_cube', 'auto_copy.tbl_df', 'cbind.grouped_df', 'collapse.data.frame', 'collect.data.frame', 'common_by.NULL', 'common_by.character', 'common_by.default', 'common_by.list', 'compute.data.frame', 'copy_to.DBIConnection', 'copy_to.src_local', 'default_missing.data.frame', 'default_missing.default', 'dim.tbl_cube', 'distinct.data.frame', 'distinct.default', 'distinct.grouped_df', 'distinct.tbl_df', 'distinct_.data.frame', 'distinct_.grouped_df', 'distinct_.tbl_df', 'do.NULL', 'do.da [... truncated]
Flavor: r-oldrel-windows-ix86+x86_64