CRAN Package Check Results for Package DClusterm

Last updated on 2020-07-12 03:48:43 CEST.

Flavor Version Tinstall Tcheck Ttotal Status Flags
r-devel-linux-x86_64-debian-clang 1.0-1 16.62 254.07 270.69 NOTE
r-devel-linux-x86_64-debian-gcc 1.0-1 15.16 191.86 207.02 NOTE
r-devel-linux-x86_64-fedora-clang 1.0-1 335.61 NOTE
r-devel-linux-x86_64-fedora-gcc 1.0-1 332.01 NOTE
r-devel-windows-ix86+x86_64 1.0-1 32.00 208.00 240.00 OK --no-vignettes
r-patched-linux-x86_64 1.0-1 16.57 248.00 264.57 NOTE
r-patched-solaris-x86 1.0-1 1192.90 NOTE
r-release-linux-x86_64 1.0-1 17.39 249.00 266.39 NOTE
r-release-macos-x86_64 1.0-1 NOTE
r-release-windows-ix86+x86_64 1.0-1 51.00 156.00 207.00 OK --no-vignettes
r-oldrel-macos-x86_64 1.0-1 NOTE
r-oldrel-windows-ix86+x86_64 1.0-1 34.00 211.00 245.00 OK --no-vignettes

Check Details

Version: 1.0-1
Check: package dependencies
Result: NOTE
    Package suggested but not available for checking: 'INLA'
Flavors: r-devel-linux-x86_64-debian-clang, r-devel-linux-x86_64-debian-gcc, r-patched-linux-x86_64, r-patched-solaris-x86, r-release-linux-x86_64, r-release-macos-x86_64, r-oldrel-macos-x86_64

Version: 1.0-1
Check: data for non-ASCII characters
Result: NOTE
     Note: found 2 marked Latin-1 strings
Flavors: r-devel-linux-x86_64-fedora-clang, r-devel-linux-x86_64-fedora-gcc, r-patched-solaris-x86, r-release-macos-x86_64, r-oldrel-macos-x86_64