CRAN Package Check Results for Package DClusterm

Last updated on 2019-12-16 02:46:36 CET.

Flavor Version Tinstall Tcheck Ttotal Status Flags
r-devel-linux-x86_64-debian-clang 1.0-0 11.14 193.26 204.40 NOTE
r-devel-linux-x86_64-debian-gcc 1.0-0 11.17 146.55 157.72 NOTE
r-devel-linux-x86_64-fedora-clang 1.0-0 252.00 NOTE
r-devel-linux-x86_64-fedora-gcc 1.0-0 237.27 NOTE
r-devel-windows-ix86+x86_64 1.0-0 24.00 190.00 214.00 OK --no-vignettes
r-devel-windows-ix86+x86_64-gcc8 1.0-0 28.00 176.00 204.00 OK --no-vignettes
r-patched-linux-x86_64 1.0-0 11.13 169.33 180.46 NOTE
r-patched-solaris-x86 1.0-0 978.40 NOTE
r-release-linux-x86_64 1.0-0 10.70 169.60 180.30 NOTE
r-release-windows-ix86+x86_64 1.0-0 20.00 112.00 132.00 OK --no-vignettes
r-release-osx-x86_64 1.0-0 NOTE
r-oldrel-windows-ix86+x86_64 1.0-0 12.00 167.00 179.00 OK --no-vignettes
r-oldrel-osx-x86_64 1.0-0 NOTE

Check Details

Version: 1.0-0
Check: package dependencies
Result: NOTE
    Package suggested but not available for checking: 'INLA'
Flavors: r-devel-linux-x86_64-debian-clang, r-devel-linux-x86_64-debian-gcc, r-patched-linux-x86_64, r-patched-solaris-x86, r-release-linux-x86_64, r-release-osx-x86_64, r-oldrel-osx-x86_64

Version: 1.0-0
Check: dependencies in R code
Result: NOTE
    Namespaces in Imports field not imported from:
     ‘RColorBrewer’ ‘gridExtra’ ‘latticeExtra’
     All declared Imports should be used.
Flavors: r-devel-linux-x86_64-fedora-clang, r-devel-linux-x86_64-fedora-gcc, r-patched-solaris-x86, r-release-osx-x86_64, r-oldrel-osx-x86_64

Version: 1.0-0
Check: data for non-ASCII characters
Result: NOTE
     Note: found 2 marked Latin-1 strings
Flavors: r-devel-linux-x86_64-fedora-clang, r-devel-linux-x86_64-fedora-gcc, r-patched-solaris-x86, r-release-osx-x86_64, r-oldrel-osx-x86_64