CRAN Package Check Results for Package DataVisualizations

Last updated on 2020-09-19 15:52:55 CEST.

Flavor Version Tinstall Tcheck Ttotal Status Flags
r-devel-linux-x86_64-debian-clang 1.2.0 57.51 377.15 434.66 OK
r-devel-linux-x86_64-debian-gcc 1.2.0 40.04 302.87 342.91 OK
r-devel-linux-x86_64-fedora-clang 1.2.0 592.45 NOTE
r-devel-linux-x86_64-fedora-gcc 1.2.0 585.02 OK
r-devel-windows-ix86+x86_64 1.2.0 128.00 413.00 541.00 NOTE
r-patched-linux-x86_64 1.2.0 46.52 374.98 421.50 OK
r-patched-solaris-x86 1.2.0 818.40 OK
r-release-linux-x86_64 1.2.0 45.85 375.47 421.32 OK
r-release-macos-x86_64 1.2.0 OK
r-release-windows-ix86+x86_64 1.2.0 125.00 414.00 539.00 NOTE
r-oldrel-macos-x86_64 1.2.0 OK
r-oldrel-windows-ix86+x86_64 1.2.0 82.00 391.00 473.00 OK

Check Details

Version: 1.2.0
Check: Rd cross-references
Result: NOTE
    Undeclared package ‘FCPS’ in Rd xrefs
Flavor: r-devel-linux-x86_64-fedora-clang

Version: 1.2.0
Check: installed package size
Result: NOTE
     installed size is 5.2Mb
     sub-directories of 1Mb or more:
     doc 1.7Mb
     libs 2.1Mb
Flavors: r-devel-windows-ix86+x86_64, r-release-windows-ix86+x86_64