CRAN Package Check Results for Package DatabionicSwarm

Last updated on 2019-09-15 03:46:50 CEST.

Flavor Version Tinstall Tcheck Ttotal Status Flags
r-devel-linux-x86_64-debian-clang 1.1.1 114.14 127.85 241.99 OK
r-devel-linux-x86_64-debian-gcc 1.1.1 94.04 79.48 173.52 OK
r-devel-linux-x86_64-fedora-clang 1.1.1 344.14 NOTE
r-devel-linux-x86_64-fedora-gcc 1.1.1 336.85 OK
r-devel-windows-ix86+x86_64 1.1.1 352.00 308.00 660.00 OK
r-patched-linux-x86_64 1.1.1 103.05 118.82 221.87 OK
r-patched-solaris-x86 1.1.1 318.20 OK
r-release-linux-x86_64 1.1.1 105.99 127.69 233.68 OK
r-release-windows-ix86+x86_64 1.1.1 244.00 244.00 488.00 OK
r-release-osx-x86_64 1.1.1 NOTE
r-oldrel-windows-ix86+x86_64 1.1.1 327.00 262.00 589.00 OK
r-oldrel-osx-x86_64 1.1.1 NOTE

Check Details

Version: 1.1.1
Check: installed package size
Result: NOTE
     installed size is 6.6Mb
     sub-directories of 1Mb or more:
     doc 2.5Mb
     libs 3.7Mb
Flavors: r-devel-linux-x86_64-fedora-clang, r-release-osx-x86_64, r-oldrel-osx-x86_64