CRAN Package Check Results for Package DecisionAnalysis

Last updated on 2020-08-04 03:47:47 CEST.

Flavor Version Tinstall Tcheck Ttotal Status Flags
r-devel-linux-x86_64-debian-clang 1.1.0 6.85 63.18 70.03 OK
r-devel-linux-x86_64-debian-gcc 1.1.0 5.48 47.52 53.00 OK
r-devel-linux-x86_64-fedora-clang 1.1.0 93.31 NOTE
r-devel-linux-x86_64-fedora-gcc 1.1.0 82.92 NOTE
r-devel-windows-ix86+x86_64 1.1.0 22.00 114.00 136.00 OK
r-patched-linux-x86_64 1.1.0 5.85 60.35 66.20 OK
r-patched-solaris-x86 1.1.0 112.20 WARN
r-release-linux-x86_64 1.1.0 6.53 60.27 66.80 OK
r-release-macos-x86_64 1.1.0 WARN
r-release-windows-ix86+x86_64 1.1.0 27.00 111.00 138.00 OK
r-oldrel-macos-x86_64 1.1.0 WARN
r-oldrel-windows-ix86+x86_64 1.1.0 12.00 76.00 88.00 OK

Check Details

Version: 1.1.0
Check: dependencies in R code
Result: NOTE
    Namespace in Imports field not imported from: ‘DiagrammeR’
     All declared Imports should be used.
Flavors: r-devel-linux-x86_64-fedora-clang, r-devel-linux-x86_64-fedora-gcc, r-patched-solaris-x86, r-release-macos-x86_64, r-oldrel-macos-x86_64

Version: 1.1.0
Check: re-building of vignette outputs
Result: WARN
    Error(s) in re-building vignettes:
     ...
    --- re-building ‘MultiObjectiveDecisionAnalysisinR.Rmd’ using rmarkdown
    Warning in engine$weave(file, quiet = quiet, encoding = enc) :
     Pandoc (>= 1.12.3) and/or pandoc-citeproc not available. Falling back to R Markdown v1.
    
    Attaching package: 'dplyr'
    
    The following objects are masked from 'package:stats':
    
     filter, lag
    
    The following objects are masked from 'package:base':
    
     intersect, setdiff, setequal, union
    
    
    Attaching package: 'gridExtra'
    
    The following object is masked from 'package:dplyr':
    
     combine
    
    Quitting from lines 84-97 (MultiObjectiveDecisionAnalysisinR.Rmd)
    Error: processing vignette 'MultiObjectiveDecisionAnalysisinR.Rmd' failed with diagnostics:
    there is no package called 'webshot'
    --- failed re-building ‘MultiObjectiveDecisionAnalysisinR.Rmd’
    
    SUMMARY: processing the following file failed:
     ‘MultiObjectiveDecisionAnalysisinR.Rmd’
    
    Error: Vignette re-building failed.
    Execution halted
Flavor: r-patched-solaris-x86

Version: 1.1.0
Check: re-building of vignette outputs
Result: WARN
    Error(s) in re-building vignettes:
    --- re-building ‘MultiObjectiveDecisionAnalysisinR.Rmd’ using rmarkdown
    Warning in engine$weave(file, quiet = quiet, encoding = enc) :
     Pandoc (>= 1.12.3) and/or pandoc-citeproc not available. Falling back to R Markdown v1.
    
    Attaching package: 'dplyr'
    
    The following objects are masked from 'package:stats':
    
     filter, lag
    
    The following objects are masked from 'package:base':
    
     intersect, setdiff, setequal, union
    
    
    Attaching package: 'gridExtra'
    
    The following object is masked from 'package:dplyr':
    
     combine
    
    Quitting from lines 84-97 (MultiObjectiveDecisionAnalysisinR.Rmd)
    Error: processing vignette 'MultiObjectiveDecisionAnalysisinR.Rmd' failed with diagnostics:
    cannot open the connection
    --- failed re-building ‘MultiObjectiveDecisionAnalysisinR.Rmd’
    
    SUMMARY: processing the following file failed:
     ‘MultiObjectiveDecisionAnalysisinR.Rmd’
    
    Error: Vignette re-building failed.
    Execution halted
Flavors: r-release-macos-x86_64, r-oldrel-macos-x86_64