CRAN Package Check Results for Package Delaporte

Last updated on 2020-02-28 21:47:57 CET.

Flavor Version Tinstall Tcheck Ttotal Status Flags
r-devel-linux-x86_64-debian-clang 7.0.2 3.51 51.90 55.41 OK
r-devel-linux-x86_64-debian-gcc 7.0.2 2.84 35.97 38.81 OK
r-devel-linux-x86_64-fedora-clang 7.0.2 67.72 OK
r-devel-linux-x86_64-fedora-gcc 7.0.2 63.26 OK
r-devel-windows-ix86+x86_64 7.0.2 21.00 118.00 139.00 OK
r-devel-windows-ix86+x86_64-gcc8 7.0.2 14.00 102.00 116.00 OK
r-patched-linux-x86_64 7.0.2 2.66 47.08 49.74 OK
r-patched-solaris-x86 7.0.2 101.90 OK
r-release-linux-x86_64 7.0.2 2.98 46.47 49.45 OK
r-release-windows-ix86+x86_64 7.0.2 12.00 131.00 143.00 OK
r-release-osx-x86_64 7.0.2 OK
r-oldrel-windows-ix86+x86_64 6.3.0 20.00 70.00 90.00 OK
r-oldrel-osx-x86_64 7.0.2 ERROR

Check Details

Version: 7.0.2
Check: whether package can be installed
Result: ERROR
    Installation failed.
Flavor: r-oldrel-osx-x86_64