CRAN Package Check Results for Package Delaporte

Last updated on 2019-09-20 15:47:00 CEST.

Flavor Version Tinstall Tcheck Ttotal Status Flags
r-devel-linux-x86_64-debian-clang 7.0.2 3.33 45.17 48.50 OK
r-devel-linux-x86_64-debian-gcc 7.0.2 2.67 33.85 36.52 OK
r-devel-linux-x86_64-fedora-clang 7.0.2 60.96 OK
r-devel-linux-x86_64-fedora-gcc 7.0.2 60.13 OK
r-devel-windows-ix86+x86_64 7.0.2 18.00 89.00 107.00 OK
r-patched-linux-x86_64 7.0.2 2.76 45.89 48.65 OK
r-patched-solaris-x86 7.0.2 98.10 OK
r-release-linux-x86_64 7.0.2 2.81 46.02 48.83 OK
r-release-windows-ix86+x86_64 7.0.2 18.00 89.00 107.00 OK
r-release-osx-x86_64 7.0.2 OK
r-oldrel-windows-ix86+x86_64 6.3.0 20.00 70.00 90.00 OK
r-oldrel-osx-x86_64 7.0.2 ERROR

Check Details

Version: 7.0.2
Check: whether package can be installed
Result: ERROR
    Installation failed.
Flavor: r-oldrel-osx-x86_64