Last updated on 2019-12-05 14:48:42 CET.
Flavor | Version | Tinstall | Tcheck | Ttotal | Status | Flags |
---|---|---|---|---|---|---|
r-devel-linux-x86_64-debian-clang | 1.3.1 | 2.77 | 29.66 | 32.43 | OK | |
r-devel-linux-x86_64-debian-gcc | 1.3.1 | 2.01 | 23.67 | 25.68 | OK | |
r-devel-linux-x86_64-fedora-clang | 1.3.1 | 37.71 | NOTE | |||
r-devel-linux-x86_64-fedora-gcc | 1.3.1 | 37.24 | NOTE | |||
r-devel-windows-ix86+x86_64 | 1.3.1 | 7.00 | 42.00 | 49.00 | OK | |
r-devel-windows-ix86+x86_64-gcc8 | 1.3.1 | 8.00 | 44.00 | 52.00 | OK | |
r-patched-linux-x86_64 | 1.3.1 | 1.97 | 27.75 | 29.72 | OK | |
r-patched-solaris-x86 | 1.3.1 | 51.70 | NOTE | |||
r-release-linux-x86_64 | 1.3.1 | 1.87 | 27.64 | 29.51 | OK | |
r-release-windows-ix86+x86_64 | 1.3.1 | 6.00 | 40.00 | 46.00 | OK | |
r-release-osx-x86_64 | 1.3.1 | NOTE | ||||
r-oldrel-windows-ix86+x86_64 | 1.3.1 | 4.00 | 37.00 | 41.00 | OK | |
r-oldrel-osx-x86_64 | 1.3.1 | NOTE |
Version: 1.3.1
Check: data for non-ASCII characters
Result: NOTE
Note: found 5764 marked UTF-8 strings
Flavors: r-devel-linux-x86_64-fedora-clang, r-devel-linux-x86_64-fedora-gcc, r-patched-solaris-x86, r-release-osx-x86_64, r-oldrel-osx-x86_64