CRAN Package Check Results for Package DescriptiveStats.OBeu

Last updated on 2020-07-08 15:47:43 CEST.

Flavor Version Tinstall Tcheck Ttotal Status Flags
r-devel-linux-x86_64-debian-clang 1.3.2 2.39 29.27 31.66 OK
r-devel-linux-x86_64-debian-gcc 1.3.2 2.09 22.94 25.03 OK
r-devel-linux-x86_64-fedora-clang 1.3.2 47.25 NOTE
r-devel-linux-x86_64-fedora-gcc 1.3.2 38.31 NOTE
r-devel-windows-ix86+x86_64 1.3.2 7.00 43.00 50.00 OK
r-patched-linux-x86_64 1.3.2 2.46 29.42 31.88 OK
r-patched-solaris-x86 1.3.2 60.00 NOTE
r-release-linux-x86_64 1.3.2 2.41 29.13 31.54 OK
r-release-osx-x86_64 1.3.2 NOTE
r-release-windows-ix86+x86_64 1.3.2 8.00 45.00 53.00 OK
r-oldrel-osx-x86_64 1.3.2 NOTE
r-oldrel-windows-ix86+x86_64 1.3.2 19.00 56.00 75.00 OK

Check Details

Version: 1.3.2
Check: data for non-ASCII characters
Result: NOTE
     Note: found 5764 marked UTF-8 strings
Flavors: r-devel-linux-x86_64-fedora-clang, r-devel-linux-x86_64-fedora-gcc, r-patched-solaris-x86, r-release-osx-x86_64, r-oldrel-osx-x86_64