CRAN Package Check Results for Package DiagrammeRsvg

Last updated on 2020-07-14 03:47:42 CEST.

Flavor Version Tinstall Tcheck Ttotal Status Flags
r-devel-linux-x86_64-debian-clang 0.1 5.01 39.35 44.36 OK
r-devel-linux-x86_64-debian-gcc 0.1 4.12 31.28 35.40 OK
r-devel-linux-x86_64-fedora-clang 0.1 43.10 OK
r-devel-linux-x86_64-fedora-gcc 0.1 34.35 OK
r-devel-windows-ix86+x86_64 0.1 14.00 61.00 75.00 OK
r-patched-linux-x86_64 0.1 4.34 39.78 44.12 OK
r-patched-solaris-x86 0.1 51.50 OK
r-release-linux-x86_64 0.1 4.94 41.18 46.12 OK
r-release-macos-x86_64 0.1 ERROR
r-release-windows-ix86+x86_64 0.1 12.00 48.00 60.00 OK
r-oldrel-macos-x86_64 0.1 OK
r-oldrel-windows-ix86+x86_64 0.1 12.00 59.00 71.00 OK

Check Details

Version: 0.1
Check: whether package can be installed
Result: ERROR
    Installation failed.
Flavor: r-release-macos-x86_64