CRAN Package Check Results for Package DoE.base

Last updated on 2020-07-03 03:47:05 CEST.

Flavor Version Tinstall Tcheck Ttotal Status Flags
r-devel-linux-x86_64-debian-clang 1.1-5 15.84 109.55 125.39 OK
r-devel-linux-x86_64-debian-gcc 1.1-5 13.86 81.25 95.11 OK
r-devel-linux-x86_64-fedora-clang 1.1-5 155.31 NOTE
r-devel-linux-x86_64-fedora-gcc 1.1-5 146.05 OK
r-devel-windows-ix86+x86_64 1.1-5 34.00 166.00 200.00 OK
r-patched-linux-x86_64 1.1-5 15.46 107.72 123.18 OK
r-patched-solaris-x86 1.1-5 186.10 OK
r-release-linux-x86_64 1.1-5 14.98 108.49 123.47 OK
r-release-osx-x86_64 1.1-5 OK
r-release-windows-ix86+x86_64 1.1-5 26.00 118.00 144.00 OK
r-oldrel-osx-x86_64 1.1-5 OK
r-oldrel-windows-ix86+x86_64 1.1-5 23.00 154.00 177.00 OK

Check Details

Version: 1.1-5
Check: Rd cross-references
Result: NOTE
    Undeclared packages ‘FrF2’, ‘DoE.wrapper’, ‘sfsmisc’, ‘DoE.MIParray’, ‘planor’ in Rd xrefs
Flavor: r-devel-linux-x86_64-fedora-clang