CRAN Package Check Results for Package Dominance

Last updated on 2020-04-07 03:48:07 CEST.

Flavor Version Tinstall Tcheck Ttotal Status Flags
r-devel-linux-x86_64-debian-clang 1.1.0 6.12 47.41 53.53 OK
r-devel-linux-x86_64-debian-gcc 1.1.0 4.88 37.16 42.04 OK
r-devel-linux-x86_64-fedora-clang 1.1.0 64.84 OK
r-devel-linux-x86_64-fedora-gcc 1.1.0 70.66 OK
r-devel-windows-ix86+x86_64 1.1.0 17.00 101.00 118.00 OK
r-devel-windows-ix86+x86_64-gcc8 1.1.0 10.00 68.00 78.00 OK
r-patched-linux-x86_64 1.1.0 5.94 46.66 52.60 OK
r-patched-solaris-x86 1.1.0 4.50 ERROR
r-release-linux-x86_64 1.1.0 5.37 44.54 49.91 OK
r-release-windows-ix86+x86_64 1.1.0 11.00 89.00 100.00 OK
r-release-osx-x86_64 1.1.0 FAIL
r-oldrel-windows-ix86+x86_64 1.1.0 9.00 60.00 69.00 OK
r-oldrel-osx-x86_64 1.1.0 OK

Check Details

Version: 1.1.0
Check: package dependencies
Result: ERROR
    Package required but not available: ‘XLConnect’
    
    See section ‘The DESCRIPTION file’ in the ‘Writing R Extensions’
    manual.
Flavor: r-patched-solaris-x86

Version: 1.1.0
Check: examples
Result: FAIL
Flavor: r-release-osx-x86_64