CRAN Package Check Results for Package EAinference

Last updated on 2020-07-14 03:47:44 CEST.

Flavor Version Tinstall Tcheck Ttotal Status Flags
r-devel-linux-x86_64-debian-clang 0.2.3 38.47 219.81 258.28 OK
r-devel-linux-x86_64-debian-gcc 0.2.3 28.91 168.04 196.95 OK
r-devel-linux-x86_64-fedora-clang 0.2.3 324.71 OK
r-devel-linux-x86_64-fedora-gcc 0.2.3 327.07 OK
r-devel-windows-ix86+x86_64 0.2.3 71.00 416.00 487.00 OK
r-patched-linux-x86_64 0.2.3 35.36 216.02 251.38 OK
r-patched-solaris-x86 0.2.3 422.20 OK
r-release-linux-x86_64 0.2.3 32.77 216.72 249.49 OK
r-release-macos-x86_64 0.2.3 ERROR
r-release-windows-ix86+x86_64 0.2.3 100.00 470.00 570.00 OK
r-oldrel-macos-x86_64 0.2.3 OK
r-oldrel-windows-ix86+x86_64 0.2.3 87.00 441.00 528.00 OK

Check Details

Version: 0.2.3
Check: whether package can be installed
Result: ERROR
    Installation failed.
Flavor: r-release-macos-x86_64