CRAN Package Check Results for Package EQL

Last updated on 2020-07-15 03:46:41 CEST.

Flavor Version Tinstall Tcheck Ttotal Status Flags
r-devel-linux-x86_64-debian-clang 1.0-1 3.10 25.56 28.66 OK
r-devel-linux-x86_64-debian-gcc 1.0-1 2.54 20.22 22.76 OK
r-devel-linux-x86_64-fedora-clang 1.0-1 44.05 OK
r-devel-linux-x86_64-fedora-gcc 1.0-1 35.57 OK
r-devel-windows-ix86+x86_64 1.0-1 8.00 50.00 58.00 OK
r-patched-linux-x86_64 1.0-1 2.90 25.04 27.94 OK
r-patched-solaris-x86 1.0-1 50.00 OK
r-release-linux-x86_64 1.0-1 2.95 25.36 28.31 OK
r-release-macos-x86_64 1.0-1 ERROR
r-release-windows-ix86+x86_64 1.0-1 9.00 41.00 50.00 OK
r-oldrel-macos-x86_64 1.0-1 OK
r-oldrel-windows-ix86+x86_64 1.0-1 14.00 46.00 60.00 OK

Check Details

Version: 1.0-1
Check: whether package can be installed
Result: ERROR
    Installation failed.
Flavor: r-release-macos-x86_64