CRAN Package Check Results for Package Ecdat

Last updated on 2020-10-23 03:48:41 CEST.

Flavor Version Tinstall Tcheck Ttotal Status Flags
r-devel-linux-x86_64-debian-clang 0.3-7 10.51 52.77 63.28 OK
r-devel-linux-x86_64-debian-gcc 0.3-7 8.82 40.53 49.35 OK
r-devel-linux-x86_64-fedora-clang 0.3-7 85.90 NOTE
r-devel-linux-x86_64-fedora-gcc 0.3-7 74.57 OK
r-devel-windows-ix86+x86_64 0.3-7 25.00 83.00 108.00 OK
r-patched-linux-x86_64 0.3-7 9.86 50.63 60.49 OK
r-patched-solaris-x86 0.3-7 109.90 OK
r-release-linux-x86_64 0.3-7 9.72 50.71 60.43 OK
r-release-macos-x86_64 0.3-7 OK
r-release-windows-ix86+x86_64 0.3-7 23.00 81.00 104.00 OK
r-oldrel-macos-x86_64 0.3-7 OK
r-oldrel-windows-ix86+x86_64 0.3-7 20.00 57.00 77.00 OK

Check Details

Version: 0.3-7
Check: Rd cross-references
Result: NOTE
    Undeclared packages ‘plm’, ‘gdata’, ‘carData’, ‘wooldridge’ in Rd xrefs
Flavor: r-devel-linux-x86_64-fedora-clang