CRAN Package Check Results for Package Ecfun

Last updated on 2020-04-10 03:49:21 CEST.

Flavor Version Tinstall Tcheck Ttotal Status Flags
r-devel-linux-x86_64-debian-clang 0.2-2 15.62 137.21 152.83 OK
r-devel-linux-x86_64-debian-gcc 0.2-2 13.70 104.77 118.47 OK
r-devel-linux-x86_64-fedora-clang 0.2-2 191.45 OK
r-devel-linux-x86_64-fedora-gcc 0.2-2 181.98 OK
r-devel-windows-ix86+x86_64 0.2-2 24.00 165.00 189.00 OK
r-devel-windows-ix86+x86_64-gcc8 0.2-2 24.00 164.00 188.00 OK
r-patched-linux-x86_64 0.2-2 14.43 132.84 147.27 OK
r-patched-osx-x86_64 0.2-2 WARN
r-patched-solaris-x86 0.2-2 260.20 OK
r-release-linux-x86_64 0.2-2 13.90 124.65 138.55 OK
r-release-windows-ix86+x86_64 0.2-2 23.00 201.00 224.00 OK
r-release-osx-x86_64 0.2-2 OK
r-oldrel-windows-ix86+x86_64 0.2-2 25.00 178.00 203.00 OK
r-oldrel-osx-x86_64 0.2-2 OK

Check Details

Version: 0.2-2
Check: re-building of vignette outputs
Result: WARN
    Error(s) in re-building vignettes:
    --- re-building ‘UpdatingUSGDPpresidents.Rmd’ using rmarkdown
    dyld: lazy symbol binding failed: Symbol not found: ____chkstk_darwin
     Referenced from: /usr/local/bin/pandoc (which was built for Mac OS X 10.15)
     Expected in: /usr/lib/libSystem.B.dylib
    
    dyld: Symbol not found: ____chkstk_darwin
     Referenced from: /usr/local/bin/pandoc (which was built for Mac OS X 10.15)
     Expected in: /usr/lib/libSystem.B.dylib
    
    Error: processing vignette 'UpdatingUSGDPpresidents.Rmd' failed with diagnostics:
    pandoc document conversion failed with error 6
    --- failed re-building ‘UpdatingUSGDPpresidents.Rmd’
    
    --- re-building ‘nuclearArmageddon.Rmd’ using rmarkdown
    dyld: lazy symbol binding failed: Symbol not found: ____chkstk_darwin
     Referenced from: /usr/local/bin/pandoc (which was built for Mac OS X 10.15)
     Expected in: /usr/lib/libSystem.B.dylib
    
    dyld: Symbol not found: ____chkstk_darwin
     Referenced from: /usr/local/bin/pandoc (which was built for Mac OS X 10.15)
     Expected in: /usr/lib/libSystem.B.dylib
    
    Error: processing vignette 'nuclearArmageddon.Rmd' failed with diagnostics:
    pandoc document conversion failed with error 6
    --- failed re-building ‘nuclearArmageddon.Rmd’
    
    --- re-building ‘update_nuclearWeaponStates.Rmd’ using rmarkdown
    dyld: lazy symbol binding failed: Symbol not found: ____chkstk_darwin
     Referenced from: /usr/local/bin/pandoc (which was built for Mac OS X 10.15)
     Expected in: /usr/lib/libSystem.B.dylib
    
    dyld: Symbol not found: ____chkstk_darwin
     Referenced from: /usr/local/bin/pandoc (which was built for Mac OS X 10.15)
     Expected in: /usr/lib/libSystem.B.dylib
    
    Error: processing vignette 'update_nuclearWeaponStates.Rmd' failed with diagnostics:
    pandoc document conversion failed with error 6
    --- failed re-building ‘update_nuclearWeaponStates.Rmd’
    
    SUMMARY: processing the following files failed:
     ‘UpdatingUSGDPpresidents.Rmd’ ‘nuclearArmageddon.Rmd’
     ‘update_nuclearWeaponStates.Rmd’
    
    Error: Vignette re-building failed.
    Execution halted
Flavor: r-patched-osx-x86_64