CRAN Package Check Results for Package EditImputeCont

Last updated on 2020-02-23 02:47:23 CET.

Flavor Version Tinstall Tcheck Ttotal Status Flags
r-devel-linux-x86_64-debian-clang 1.1.4 83.09 43.10 126.19 WARN
r-devel-linux-x86_64-debian-gcc 1.1.4 59.54 33.66 93.20 WARN
r-devel-linux-x86_64-fedora-clang 1.1.4 181.44 NOTE
r-devel-linux-x86_64-fedora-gcc 1.1.4 160.40 WARN
r-devel-windows-ix86+x86_64 1.1.4 204.00 88.00 292.00 WARN
r-devel-windows-ix86+x86_64-gcc8 1.1.4 327.00 126.00 453.00 WARN
r-patched-linux-x86_64 1.1.4 OK
r-patched-solaris-x86 1.1.4 159.20 OK
r-release-linux-x86_64 1.1.4 68.58 38.83 107.41 OK
r-release-windows-ix86+x86_64 1.1.4 241.00 92.00 333.00 OK
r-release-osx-x86_64 1.1.4 NOTE
r-oldrel-windows-ix86+x86_64 1.1.4 250.00 86.00 336.00 OK
r-oldrel-osx-x86_64 1.1.4 NOTE

Check Details

Version: 1.1.4
Check: whether package can be installed
Result: WARN
    Found the following significant warnings:
     CData.cpp:256:3: warning: ignoring return value of function declared with 'warn_unused_result' attribute [-Wunused-result]
     CData.cpp:257:3: warning: ignoring return value of function declared with 'warn_unused_result' attribute [-Wunused-result]
     CData.cpp:258:3: warning: ignoring return value of function declared with 'warn_unused_result' attribute [-Wunused-result]
     CData.cpp:259:3: warning: ignoring return value of function declared with 'warn_unused_result' attribute [-Wunused-result]
     CData.cpp:260:3: warning: ignoring return value of function declared with 'warn_unused_result' attribute [-Wunused-result]
     CData.cpp:261:3: warning: ignoring return value of function declared with 'warn_unused_result' attribute [-Wunused-result]
     CData.cpp:274:7: warning: ignoring return value of function declared with 'warn_unused_result' attribute [-Wunused-result]
     CData.cpp:288:5: warning: ignoring return value of function declared with 'warn_unused_result' attribute [-Wunused-result]
     hbio.c:303:5: warning: ignoring return value of function declared with 'warn_unused_result' attribute [-Wunused-result]
     hbio.c:311:5: warning: ignoring return value of function declared with 'warn_unused_result' attribute [-Wunused-result]
     hbio.c:321:5: warning: ignoring return value of function declared with 'warn_unused_result' attribute [-Wunused-result]
     hbio.c:333:5: warning: ignoring return value of function declared with 'warn_unused_result' attribute [-Wunused-result]
     hbio.c:351:8: warning: ignoring return value of function declared with 'warn_unused_result' attribute [-Wunused-result]
     hbio.c:424:8: warning: ignoring return value of function declared with 'warn_unused_result' attribute [-Wunused-result]
     hbio.c:447:8: warning: ignoring return value of function declared with 'warn_unused_result' attribute [-Wunused-result]
     hbio.c:476:8: warning: ignoring return value of function declared with 'warn_unused_result' attribute [-Wunused-result]
     hbio.c:627:7: warning: ignoring return value of function declared with 'warn_unused_result' attribute [-Wunused-result]
     hbio.c:638:5: warning: ignoring return value of function declared with 'warn_unused_result' attribute [-Wunused-result]
     hbio.c:645:12: warning: ignoring return value of function declared with 'warn_unused_result' attribute [-Wunused-result]
     hbio.c:665:12: warning: ignoring return value of function declared with 'warn_unused_result' attribute [-Wunused-result]
     hbio.c:693:12: warning: ignoring return value of function declared with 'warn_unused_result' attribute [-Wunused-result]
     hbio.c:978:8: warning: ignoring return value of function declared with 'warn_unused_result' attribute [-Wunused-result]
     hbio.c:1001:8: warning: ignoring return value of function declared with 'warn_unused_result' attribute [-Wunused-result]
     hbio.c:1029:8: warning: ignoring return value of function declared with 'warn_unused_result' attribute [-Wunused-result]
     hbio.c:1193:7: warning: ignoring return value of function declared with 'warn_unused_result' attribute [-Wunused-result]
     hbio.c:1204:5: warning: ignoring return value of function declared with 'warn_unused_result' attribute [-Wunused-result]
     hbio.c:1214:12: warning: ignoring return value of function declared with 'warn_unused_result' attribute [-Wunused-result]
     hbio.c:1232:12: warning: ignoring return value of function declared with 'warn_unused_result' attribute [-Wunused-result]
     hbio.c:1263:12: warning: ignoring return value of function declared with 'warn_unused_result' attribute [-Wunused-result]
     mmio.c:79:9: warning: ignoring return value of function declared with 'warn_unused_result' attribute [-Wunused-result]
Flavor: r-devel-linux-x86_64-debian-clang

Version: 1.1.4
Check: for non-standard things in the check directory
Result: NOTE
    Found the following files/directories:
     'Demo_Balance_edit.txt' 'Demo_D_obs.txt' 'Demo_Range_edit.txt'
     'Demo_Ratio_edit.txt'
Flavors: r-devel-linux-x86_64-debian-clang, r-devel-linux-x86_64-debian-gcc, r-devel-linux-x86_64-fedora-clang, r-devel-linux-x86_64-fedora-gcc

Version: 1.1.4
Check: whether package can be installed
Result: WARN
    Found the following significant warnings:
     CData.cpp:256:9: warning: ignoring return value of ‘int fscanf(FILE*, const char*, ...)’, declared with attribute warn_unused_result [-Wunused-result]
     CData.cpp:257:9: warning: ignoring return value of ‘int fscanf(FILE*, const char*, ...)’, declared with attribute warn_unused_result [-Wunused-result]
     CData.cpp:258:9: warning: ignoring return value of ‘int fscanf(FILE*, const char*, ...)’, declared with attribute warn_unused_result [-Wunused-result]
     CData.cpp:259:9: warning: ignoring return value of ‘int fscanf(FILE*, const char*, ...)’, declared with attribute warn_unused_result [-Wunused-result]
     CData.cpp:260:9: warning: ignoring return value of ‘int fscanf(FILE*, const char*, ...)’, declared with attribute warn_unused_result [-Wunused-result]
     CData.cpp:261:9: warning: ignoring return value of ‘int fscanf(FILE*, const char*, ...)’, declared with attribute warn_unused_result [-Wunused-result]
     CData.cpp:274:13: warning: ignoring return value of ‘int fscanf(FILE*, const char*, ...)’, declared with attribute warn_unused_result [-Wunused-result]
     CData.cpp:288:11: warning: ignoring return value of ‘int fscanf(FILE*, const char*, ...)’, declared with attribute warn_unused_result [-Wunused-result]
     hbio.c:303:5: warning: ignoring return value of ‘fgets’, declared with attribute warn_unused_result [-Wunused-result]
     hbio.c:311:5: warning: ignoring return value of ‘fgets’, declared with attribute warn_unused_result [-Wunused-result]
     hbio.c:321:5: warning: ignoring return value of ‘fgets’, declared with attribute warn_unused_result [-Wunused-result]
     hbio.c:333:5: warning: ignoring return value of ‘fgets’, declared with attribute warn_unused_result [-Wunused-result]
     hbio.c:351:8: warning: ignoring return value of ‘fgets’, declared with attribute warn_unused_result [-Wunused-result]
     hbio.c:424:8: warning: ignoring return value of ‘fgets’, declared with attribute warn_unused_result [-Wunused-result]
     hbio.c:447:8: warning: ignoring return value of ‘fgets’, declared with attribute warn_unused_result [-Wunused-result]
     hbio.c:476:8: warning: ignoring return value of ‘fgets’, declared with attribute warn_unused_result [-Wunused-result]
     hbio.c:627:7: warning: ignoring return value of ‘fgets’, declared with attribute warn_unused_result [-Wunused-result]
     hbio.c:638:5: warning: ignoring return value of ‘fgets’, declared with attribute warn_unused_result [-Wunused-result]
     hbio.c:645:12: warning: ignoring return value of ‘fgets’, declared with attribute warn_unused_result [-Wunused-result]
     hbio.c:665:12: warning: ignoring return value of ‘fgets’, declared with attribute warn_unused_result [-Wunused-result]
     hbio.c:693:12: warning: ignoring return value of ‘fgets’, declared with attribute warn_unused_result [-Wunused-result]
     hbio.c:978:8: warning: ignoring return value of ‘fgets’, declared with attribute warn_unused_result [-Wunused-result]
     hbio.c:1001:8: warning: ignoring return value of ‘fgets’, declared with attribute warn_unused_result [-Wunused-result]
     hbio.c:1029:8: warning: ignoring return value of ‘fgets’, declared with attribute warn_unused_result [-Wunused-result]
     hbio.c:1193:7: warning: ignoring return value of ‘fgets’, declared with attribute warn_unused_result [-Wunused-result]
     hbio.c:1204:5: warning: ignoring return value of ‘fgets’, declared with attribute warn_unused_result [-Wunused-result]
     hbio.c:1214:12: warning: ignoring return value of ‘fgets’, declared with attribute warn_unused_result [-Wunused-result]
     hbio.c:1232:12: warning: ignoring return value of ‘fgets’, declared with attribute warn_unused_result [-Wunused-result]
     hbio.c:1263:12: warning: ignoring return value of ‘fgets’, declared with attribute warn_unused_result [-Wunused-result]
     mmio.c:79:9: warning: ignoring return value of ‘fscanf’, declared with attribute warn_unused_result [-Wunused-result]
     lpkit.h:32:99: warning: right-hand operand of comma expression has no effect [-Wunused-value]
Flavors: r-devel-linux-x86_64-debian-gcc, r-devel-linux-x86_64-fedora-gcc

Version: 1.1.4
Check: installed package size
Result: NOTE
     installed size is 7.0Mb
     sub-directories of 1Mb or more:
     libs 6.8Mb
Flavors: r-devel-linux-x86_64-fedora-clang, r-release-osx-x86_64, r-oldrel-osx-x86_64

Version: 1.1.4
Check: whether package can be installed
Result: WARN
    Found the following significant warnings:
     lpkit.h:32:99: warning: right-hand operand of comma expression has no effect [-Wunused-value]
Flavors: r-devel-windows-ix86+x86_64, r-devel-windows-ix86+x86_64-gcc8