CRAN Package Check Results for Package EditImputeCont

Last updated on 2019-09-17 03:50:10 CEST.

Flavor Version Tinstall Tcheck Ttotal Status Flags
r-devel-linux-x86_64-debian-clang 1.1.4 74.96 38.78 113.74 WARN
r-devel-linux-x86_64-debian-gcc 1.1.4 WARN
r-devel-linux-x86_64-fedora-clang 1.1.4 177.65 NOTE
r-devel-linux-x86_64-fedora-gcc 1.1.4 155.75 WARN
r-devel-windows-ix86+x86_64 1.1.4 318.00 82.00 400.00 WARN
r-patched-linux-x86_64 1.1.4 67.20 38.67 105.87 OK
r-patched-solaris-x86 1.1.4 161.20 OK
r-release-linux-x86_64 1.1.4 68.48 39.35 107.83 OK
r-release-windows-ix86+x86_64 1.1.4 207.00 82.00 289.00 OK
r-release-osx-x86_64 1.1.4 NOTE
r-oldrel-windows-ix86+x86_64 1.1.4 276.00 83.00 359.00 OK
r-oldrel-osx-x86_64 1.1.4 NOTE

Check Details

Version: 1.1.4
Check: whether package can be installed
Result: WARN
    Found the following significant warnings:
     CData.cpp:256:3: warning: ignoring return value of function declared with 'warn_unused_result' attribute [-Wunused-result]
     CData.cpp:257:3: warning: ignoring return value of function declared with 'warn_unused_result' attribute [-Wunused-result]
     CData.cpp:258:3: warning: ignoring return value of function declared with 'warn_unused_result' attribute [-Wunused-result]
     CData.cpp:259:3: warning: ignoring return value of function declared with 'warn_unused_result' attribute [-Wunused-result]
     CData.cpp:260:3: warning: ignoring return value of function declared with 'warn_unused_result' attribute [-Wunused-result]
     CData.cpp:261:3: warning: ignoring return value of function declared with 'warn_unused_result' attribute [-Wunused-result]
     CData.cpp:274:7: warning: ignoring return value of function declared with 'warn_unused_result' attribute [-Wunused-result]
     CData.cpp:288:5: warning: ignoring return value of function declared with 'warn_unused_result' attribute [-Wunused-result]
     hbio.c:351:8: warning: ignoring return value of function declared with 'warn_unused_result' attribute [-Wunused-result]
     hbio.c:303:5: warning: ignoring return value of function declared with 'warn_unused_result' attribute [-Wunused-result]
     hbio.c:311:5: warning: ignoring return value of function declared with 'warn_unused_result' attribute [-Wunused-result]
     hbio.c:321:5: warning: ignoring return value of function declared with 'warn_unused_result' attribute [-Wunused-result]
     hbio.c:333:5: warning: ignoring return value of function declared with 'warn_unused_result' attribute [-Wunused-result]
     hbio.c:424:8: warning: ignoring return value of function declared with 'warn_unused_result' attribute [-Wunused-result]
     hbio.c:447:8: warning: ignoring return value of function declared with 'warn_unused_result' attribute [-Wunused-result]
     hbio.c:476:8: warning: ignoring return value of function declared with 'warn_unused_result' attribute [-Wunused-result]
     hbio.c:627:7: warning: ignoring return value of function declared with 'warn_unused_result' attribute [-Wunused-result]
     hbio.c:645:12: warning: ignoring return value of function declared with 'warn_unused_result' attribute [-Wunused-result]
     hbio.c:665:12: warning: ignoring return value of function declared with 'warn_unused_result' attribute [-Wunused-result]
     hbio.c:693:12: warning: ignoring return value of function declared with 'warn_unused_result' attribute [-Wunused-result]
     hbio.c:638:5: warning: ignoring return value of function declared with 'warn_unused_result' attribute [-Wunused-result]
     hbio.c:978:8: warning: ignoring return value of function declared with 'warn_unused_result' attribute [-Wunused-result]
     hbio.c:1001:8: warning: ignoring return value of function declared with 'warn_unused_result' attribute [-Wunused-result]
     hbio.c:1029:8: warning: ignoring return value of function declared with 'warn_unused_result' attribute [-Wunused-result]
     hbio.c:1193:7: warning: ignoring return value of function declared with 'warn_unused_result' attribute [-Wunused-result]
     hbio.c:1214:12: warning: ignoring return value of function declared with 'warn_unused_result' attribute [-Wunused-result]
     hbio.c:1232:12: warning: ignoring return value of function declared with 'warn_unused_result' attribute [-Wunused-result]
     hbio.c:1263:12: warning: ignoring return value of function declared with 'warn_unused_result' attribute [-Wunused-result]
     hbio.c:1204:5: warning: ignoring return value of function declared with 'warn_unused_result' attribute [-Wunused-result]
     mmio.c:79:9: warning: ignoring return value of function declared with 'warn_unused_result' attribute [-Wunused-result]
Flavor: r-devel-linux-x86_64-debian-clang

Version: 1.1.4
Check: for non-standard things in the check directory
Result: NOTE
    Found the following files/directories:
     'Demo_Balance_edit.txt' 'Demo_D_obs.txt' 'Demo_Range_edit.txt'
     'Demo_Ratio_edit.txt'
Flavors: r-devel-linux-x86_64-debian-clang, r-devel-linux-x86_64-debian-gcc, r-devel-linux-x86_64-fedora-clang, r-devel-linux-x86_64-fedora-gcc

Version: 1.1.4
Check: whether package can be installed
Result: WARN
    Found the following significant warnings:
     CData.cpp:256:9: warning: ignoring return value of ‘int fscanf(FILE*, const char*, ...)’, declared with attribute warn_unused_result [-Wunused-result]
     CData.cpp:257:9: warning: ignoring return value of ‘int fscanf(FILE*, const char*, ...)’, declared with attribute warn_unused_result [-Wunused-result]
     CData.cpp:258:9: warning: ignoring return value of ‘int fscanf(FILE*, const char*, ...)’, declared with attribute warn_unused_result [-Wunused-result]
     CData.cpp:259:9: warning: ignoring return value of ‘int fscanf(FILE*, const char*, ...)’, declared with attribute warn_unused_result [-Wunused-result]
     CData.cpp:260:9: warning: ignoring return value of ‘int fscanf(FILE*, const char*, ...)’, declared with attribute warn_unused_result [-Wunused-result]
     CData.cpp:261:9: warning: ignoring return value of ‘int fscanf(FILE*, const char*, ...)’, declared with attribute warn_unused_result [-Wunused-result]
     CData.cpp:274:13: warning: ignoring return value of ‘int fscanf(FILE*, const char*, ...)’, declared with attribute warn_unused_result [-Wunused-result]
     CData.cpp:288:11: warning: ignoring return value of ‘int fscanf(FILE*, const char*, ...)’, declared with attribute warn_unused_result [-Wunused-result]
     hbio.c:303:5: warning: ignoring return value of ‘fgets’, declared with attribute warn_unused_result [-Wunused-result]
     hbio.c:311:5: warning: ignoring return value of ‘fgets’, declared with attribute warn_unused_result [-Wunused-result]
     hbio.c:321:5: warning: ignoring return value of ‘fgets’, declared with attribute warn_unused_result [-Wunused-result]
     hbio.c:333:5: warning: ignoring return value of ‘fgets’, declared with attribute warn_unused_result [-Wunused-result]
     hbio.c:351:8: warning: ignoring return value of ‘fgets’, declared with attribute warn_unused_result [-Wunused-result]
     hbio.c:424:8: warning: ignoring return value of ‘fgets’, declared with attribute warn_unused_result [-Wunused-result]
     hbio.c:447:8: warning: ignoring return value of ‘fgets’, declared with attribute warn_unused_result [-Wunused-result]
     hbio.c:476:8: warning: ignoring return value of ‘fgets’, declared with attribute warn_unused_result [-Wunused-result]
     hbio.c:627:7: warning: ignoring return value of ‘fgets’, declared with attribute warn_unused_result [-Wunused-result]
     hbio.c:638:5: warning: ignoring return value of ‘fgets’, declared with attribute warn_unused_result [-Wunused-result]
     hbio.c:645:12: warning: ignoring return value of ‘fgets’, declared with attribute warn_unused_result [-Wunused-result]
     hbio.c:665:12: warning: ignoring return value of ‘fgets’, declared with attribute warn_unused_result [-Wunused-result]
     hbio.c:693:12: warning: ignoring return value of ‘fgets’, declared with attribute warn_unused_result [-Wunused-result]
     hbio.c:978:8: warning: ignoring return value of ‘fgets’, declared with attribute warn_unused_result [-Wunused-result]
     hbio.c:1001:8: warning: ignoring return value of ‘fgets’, declared with attribute warn_unused_result [-Wunused-result]
     hbio.c:1029:8: warning: ignoring return value of ‘fgets’, declared with attribute warn_unused_result [-Wunused-result]
     hbio.c:1193:7: warning: ignoring return value of ‘fgets’, declared with attribute warn_unused_result [-Wunused-result]
     hbio.c:1204:5: warning: ignoring return value of ‘fgets’, declared with attribute warn_unused_result [-Wunused-result]
     hbio.c:1214:12: warning: ignoring return value of ‘fgets’, declared with attribute warn_unused_result [-Wunused-result]
     hbio.c:1232:12: warning: ignoring return value of ‘fgets’, declared with attribute warn_unused_result [-Wunused-result]
     hbio.c:1263:12: warning: ignoring return value of ‘fgets’, declared with attribute warn_unused_result [-Wunused-result]
     mmio.c:79:9: warning: ignoring return value of ‘fscanf’, declared with attribute warn_unused_result [-Wunused-result]
     lpkit.h:32:99: warning: right-hand operand of comma expression has no effect [-Wunused-value]
Flavors: r-devel-linux-x86_64-debian-gcc, r-devel-linux-x86_64-fedora-gcc

Version: 1.1.4
Check: installed package size
Result: NOTE
     installed size is 7.0Mb
     sub-directories of 1Mb or more:
     libs 6.8Mb
Flavors: r-devel-linux-x86_64-fedora-clang, r-release-osx-x86_64, r-oldrel-osx-x86_64

Version: 1.1.4
Check: whether package can be installed
Result: WARN
    Found the following significant warnings:
     lpkit.h:32:99: warning: right-hand operand of comma expression has no effect [-Wunused-value]
Flavor: r-devel-windows-ix86+x86_64