CRAN Package Check Results for Package ElemStatLearn

Last updated on 2020-01-26 02:48:47 CET.

Flavor Version Tinstall Tcheck Ttotal Status Flags
r-devel-linux-x86_64-debian-clang 2015.6.26.2 29.44 38.42 67.86 OK
r-devel-linux-x86_64-debian-gcc 2015.6.26.2 27.70 31.57 59.27 OK
r-devel-linux-x86_64-fedora-clang 2015.6.26.2 94.24 NOTE
r-devel-linux-x86_64-fedora-gcc 2015.6.26.2 95.73 OK
r-devel-windows-ix86+x86_64 2015.6.26.2 58.00 71.00 129.00 NOTE
r-devel-windows-ix86+x86_64-gcc8 2015.6.26.2 46.00 73.00 119.00 NOTE
r-patched-linux-x86_64 2015.6.26.2 30.39 36.85 67.24 OK
r-patched-solaris-x86 2015.6.26.2 162.50 NOTE
r-release-linux-x86_64 2015.6.26.2 30.90 36.39 67.29 OK
r-release-windows-ix86+x86_64 2015.6.26.2 50.00 47.00 97.00 NOTE
r-release-osx-x86_64 2015.6.26.2 NOTE
r-oldrel-windows-ix86+x86_64 2015.6.26.2 38.00 49.00 87.00 NOTE
r-oldrel-osx-x86_64 2015.6.26.2 NOTE

Check Details

Version: 2015.6.26.2
Check: installed package size
Result: NOTE
     installed size is 11.7Mb
     sub-directories of 1Mb or more:
     data 11.5Mb
Flavors: r-devel-linux-x86_64-fedora-clang, r-devel-windows-ix86+x86_64, r-devel-windows-ix86+x86_64-gcc8, r-patched-solaris-x86, r-release-windows-ix86+x86_64, r-release-osx-x86_64, r-oldrel-windows-ix86+x86_64, r-oldrel-osx-x86_64