CRAN Package Check Results for Package EntropyEstimation

Last updated on 2019-10-21 03:47:39 CEST.

Flavor Version Tinstall Tcheck Ttotal Status Flags
r-devel-linux-x86_64-debian-clang 1.2 3.06 17.23 20.29 OK
r-devel-linux-x86_64-debian-gcc 1.2 2.24 14.03 16.27 OK
r-devel-linux-x86_64-fedora-clang 1.2 25.79 NOTE
r-devel-linux-x86_64-fedora-gcc 1.2 24.95 NOTE
r-devel-windows-ix86+x86_64 1.2 14.00 50.00 64.00 OK
r-patched-linux-x86_64 1.2 2.33 17.47 19.80 OK
r-patched-solaris-x86 1.2 41.00 OK
r-release-linux-x86_64 1.2 2.37 17.07 19.44 OK
r-release-windows-ix86+x86_64 1.2 11.00 48.00 59.00 OK
r-release-osx-x86_64 1.2 OK
r-oldrel-windows-ix86+x86_64 1.2 6.00 32.00 38.00 OK
r-oldrel-osx-x86_64 1.2 OK

Check Details

Version: 1.2
Check: compiled code
Result: NOTE
    File ‘EntropyEstimation/libs/EntropyEstimation.so’:
     Found no calls to: ‘R_registerRoutines’, ‘R_useDynamicSymbols’
    
    It is good practice to register native routines and to disable symbol
    search.
    
    See ‘Writing portable packages’ in the ‘Writing R Extensions’ manual.
Flavors: r-devel-linux-x86_64-fedora-clang, r-devel-linux-x86_64-fedora-gcc