CRAN Package Check Results for Package EntropyEstimation

Last updated on 2020-05-27 03:48:31 CEST.

Flavor Version Tinstall Tcheck Ttotal Status Flags
r-devel-linux-x86_64-debian-clang 1.2 2.95 19.14 22.09 OK
r-devel-linux-x86_64-debian-gcc 1.2 2.53 15.25 17.78 OK
r-devel-linux-x86_64-fedora-clang 1.2 29.47 NOTE
r-devel-linux-x86_64-fedora-gcc 1.2 27.21 NOTE
r-devel-windows-ix86+x86_64 1.2 10.00 46.00 56.00 OK
r-patched-linux-x86_64 1.2 3.06 19.00 22.06 OK
r-patched-solaris-x86 1.2 43.70 OK
r-release-linux-x86_64 1.2 3.01 19.11 22.12 OK
r-release-osx-x86_64 1.2 OK
r-release-windows-ix86+x86_64 1.2 9.00 35.00 44.00 OK
r-oldrel-osx-x86_64 1.2 OK
r-oldrel-windows-ix86+x86_64 1.2 11.00 48.00 59.00 OK

Check Details

Version: 1.2
Check: compiled code
Result: NOTE
    File ‘EntropyEstimation/libs/EntropyEstimation.so’:
     Found no calls to: ‘R_registerRoutines’, ‘R_useDynamicSymbols’
    
    It is good practice to register native routines and to disable symbol
    search.
    
    See ‘Writing portable packages’ in the ‘Writing R Extensions’ manual.
Flavors: r-devel-linux-x86_64-fedora-clang, r-devel-linux-x86_64-fedora-gcc