CRAN Package Check Results for Package ExomeDepth

Last updated on 2020-01-19 02:48:54 CET.

Flavor Version Tinstall Tcheck Ttotal Status Flags
r-devel-linux-x86_64-debian-clang 1.1.15 44.75 289.56 334.31 OK
r-devel-linux-x86_64-debian-gcc 1.1.15 34.57 220.79 255.36 OK
r-devel-linux-x86_64-fedora-clang 1.1.15 411.94 OK
r-devel-linux-x86_64-fedora-gcc 1.1.15 413.30 OK
r-devel-windows-ix86+x86_64 1.1.15 114.00 443.00 557.00 WARN
r-devel-windows-ix86+x86_64-gcc8 1.1.15 91.00 328.00 419.00 WARN
r-patched-linux-x86_64 1.1.15 33.99 248.79 282.78 OK
r-patched-solaris-x86 1.1.15 553.70 OK
r-release-linux-x86_64 1.1.15 36.86 253.31 290.17 OK
r-release-windows-ix86+x86_64 1.1.15 88.00 437.00 525.00 OK
r-release-osx-x86_64 1.1.15 ERROR
r-oldrel-windows-ix86+x86_64 1.1.15 76.00 319.00 395.00 OK
r-oldrel-osx-x86_64 1.1.15 ERROR

Check Details

Version: 1.1.15
Check: re-building of vignette outputs
Result: WARN
    Error(s) in re-building vignettes:
    --- re-building 'ExomeDepth-vignette.Rnw' using knitr
    Quitting from lines 322-330 (ExomeDepth-vignette.Rnw)
    Error: processing vignette 'ExomeDepth-vignette.Rnw' failed with diagnostics:
    trying to get slot "className" from an object of a basic class ("character") with no slots
    --- failed re-building 'ExomeDepth-vignette.Rnw'
    
    SUMMARY: processing the following file failed:
     'ExomeDepth-vignette.Rnw'
    
    Error: Vignette re-building failed.
    Execution halted
Flavors: r-devel-windows-ix86+x86_64, r-devel-windows-ix86+x86_64-gcc8

Version: 1.1.15
Check: whether package can be installed
Result: ERROR
    Installation failed.
Flavor: r-release-osx-x86_64

Version: 1.1.15
Check: package dependencies
Result: ERROR
    Packages required but not available: ‘Rsamtools’ ‘GenomicAlignments’
    
    See section ‘The DESCRIPTION file’ in the ‘Writing R Extensions’
    manual.
Flavor: r-oldrel-osx-x86_64