CRAN Package Check Results for Package ExomeDepth

Last updated on 2020-08-15 03:48:03 CEST.

Flavor Version Tinstall Tcheck Ttotal Status Flags
r-devel-linux-x86_64-debian-clang 1.1.15 38.77 297.24 336.01 OK
r-devel-linux-x86_64-debian-gcc 1.1.15 33.54 221.27 254.81 OK
r-devel-linux-x86_64-fedora-clang 1.1.15 416.04 OK
r-devel-linux-x86_64-fedora-gcc 1.1.15 402.59 OK
r-devel-windows-ix86+x86_64 1.1.15 117.00 465.00 582.00 OK
r-patched-linux-x86_64 1.1.15 36.53 283.28 319.81 OK
r-patched-solaris-x86 1.1.15 580.90 OK
r-release-linux-x86_64 1.1.15 39.06 281.75 320.81 OK
r-release-macos-x86_64 1.1.15 WARN
r-release-windows-ix86+x86_64 1.1.15 115.00 341.00 456.00 OK
r-oldrel-macos-x86_64 1.1.15 ERROR
r-oldrel-windows-ix86+x86_64 1.1.15 74.00 356.00 430.00 OK

Check Details

Version: 1.1.15
Check: whether package can be installed
Result: WARN
    Found the following significant warnings:
     VP_psi.c:843:8: warning: 'gsl_finite' is deprecated: first deprecated in macOS 10.9 [-Wdeprecated-declarations]
     VP_psi.c:843:41: warning: 'gsl_finite' is deprecated: first deprecated in macOS 10.9 [-Wdeprecated-declarations]
Flavor: r-release-macos-x86_64

Version: 1.1.15
Check: whether package can be installed
Result: ERROR
    Installation failed.
Flavor: r-oldrel-macos-x86_64