CRAN Package Check Results for Package FRK

Last updated on 2020-10-01 03:48:36 CEST.

Flavor Version Tinstall Tcheck Ttotal Status Flags
r-devel-linux-x86_64-debian-clang 0.2.2.1 47.13 542.40 589.53 NOTE
r-devel-linux-x86_64-debian-gcc 0.2.2.1 0.60 2.52 3.12 ERROR
r-devel-linux-x86_64-fedora-clang 0.2.2.1 711.13 NOTE
r-devel-linux-x86_64-fedora-gcc 0.2.2.1 775.62 NOTE
r-devel-windows-ix86+x86_64 0.2.2.1 89.00 360.00 449.00 NOTE --no-vignettes
r-patched-linux-x86_64 0.2.2.1 27.95 532.32 560.27 NOTE
r-patched-solaris-x86 0.2.2.1 1143.80 NOTE
r-release-linux-x86_64 0.2.2.1 36.97 541.22 578.19 NOTE
r-release-macos-x86_64 0.2.2.1 NOTE
r-release-windows-ix86+x86_64 0.2.2.1 91.00 448.00 539.00 NOTE --no-vignettes
r-oldrel-macos-x86_64 0.2.2.1 NOTE
r-oldrel-windows-ix86+x86_64 0.2.2.1 84.00 462.00 546.00 NOTE --no-vignettes

Check Details

Version: 0.2.2.1
Check: package dependencies
Result: NOTE
    Packages suggested but not available for checking: 'dggrids', 'INLA'
Flavors: r-devel-linux-x86_64-debian-clang, r-devel-linux-x86_64-debian-gcc, r-patched-linux-x86_64, r-patched-solaris-x86, r-release-linux-x86_64, r-release-macos-x86_64, r-oldrel-macos-x86_64

Version: 0.2.2.1
Check: whether package can be installed
Result: ERROR
    Installation failed.
Flavor: r-devel-linux-x86_64-debian-gcc

Version: 0.2.2.1
Check: package dependencies
Result: NOTE
    Package suggested but not available for checking: ‘dggrids’
Flavors: r-devel-linux-x86_64-fedora-clang, r-devel-linux-x86_64-fedora-gcc

Version: 0.2.2.1
Check: installed package size
Result: NOTE
     installed size is 7.6Mb
     sub-directories of 1Mb or more:
     data 4.8Mb
     doc 1.4Mb
Flavors: r-devel-linux-x86_64-fedora-clang, r-patched-solaris-x86, r-release-macos-x86_64, r-oldrel-macos-x86_64

Version: 0.2.2.1
Flags: --no-vignettes
Check: package dependencies
Result: NOTE
    Package suggested but not available for checking: 'dggrids'
Flavors: r-devel-windows-ix86+x86_64, r-release-windows-ix86+x86_64, r-oldrel-windows-ix86+x86_64

Version: 0.2.2.1
Flags: --no-vignettes
Check: installed package size
Result: NOTE
     installed size is 8.9Mb
     sub-directories of 1Mb or more:
     data 4.8Mb
     doc 1.4Mb
     libs 2.0Mb
Flavors: r-devel-windows-ix86+x86_64, r-release-windows-ix86+x86_64, r-oldrel-windows-ix86+x86_64