CRAN Package Check Results for Package FSelector

Last updated on 2019-12-11 14:47:23 CET.

Flavor Version Tinstall Tcheck Ttotal Status Flags
r-devel-linux-x86_64-debian-clang 0.31 9.37 76.40 85.77 OK
r-devel-linux-x86_64-debian-gcc 0.31 7.64 57.25 64.89 OK
r-devel-linux-x86_64-fedora-clang 0.31 103.82 OK
r-devel-linux-x86_64-fedora-gcc 0.31 112.19 OK
r-devel-windows-ix86+x86_64 0.31 10.00 6.00 16.00 ERROR
r-devel-windows-ix86+x86_64-gcc8 0.31 9.00 8.00 17.00 ERROR
r-patched-linux-x86_64 0.31 8.04 71.53 79.57 OK
r-release-linux-x86_64 0.31 8.72 71.20 79.92 OK
r-release-windows-ix86+x86_64 0.31 14.00 72.00 86.00 OK
r-release-osx-x86_64 0.31 OK
r-oldrel-windows-ix86+x86_64 0.31 10.00 65.00 75.00 OK
r-oldrel-osx-x86_64 0.31 OK

Check Details

Version: 0.31
Check: whether package can be installed
Result: ERROR
    Installation failed.
Flavors: r-devel-windows-ix86+x86_64, r-devel-windows-ix86+x86_64-gcc8