CRAN Package Check Results for Package ForwardSearch

Last updated on 2020-08-14 03:47:42 CEST.

Flavor Version Tinstall Tcheck Ttotal Status Flags
r-devel-linux-x86_64-debian-clang 1.0 2.23 24.51 26.74 NOTE
r-devel-linux-x86_64-debian-gcc 1.0 1.90 19.69 21.59 NOTE
r-devel-linux-x86_64-fedora-clang 1.0 41.07 NOTE
r-devel-linux-x86_64-fedora-gcc 1.0 31.74 NOTE
r-devel-windows-ix86+x86_64 1.0 7.00 49.00 56.00 NOTE
r-patched-linux-x86_64 1.0 2.49 24.34 26.83 NOTE
r-patched-solaris-x86 1.0 51.30 NOTE
r-release-linux-x86_64 1.0 2.33 24.42 26.75 NOTE
r-release-macos-x86_64 1.0 NOTE
r-release-windows-ix86+x86_64 1.0 6.00 47.00 53.00 NOTE
r-oldrel-macos-x86_64 1.0 NOTE
r-oldrel-windows-ix86+x86_64 1.0 5.00 36.00 41.00 NOTE

Check Details

Version: 1.0
Check: R code for possible problems
Result: NOTE
    ForwardSearch.fit: no visible global function definition for 'glm.fit'
    ForwardSearch.plot: no visible global function definition for 'lines'
    ForwardSearch.pointwise.asymptotics: no visible global function
     definition for 'qnorm'
    ForwardSearch.pointwise.asymptotics: no visible global function
     definition for 'dnorm'
    Undefined global functions or variables:
     dnorm glm.fit lines qnorm
    Consider adding
     importFrom("graphics", "lines")
     importFrom("stats", "dnorm", "glm.fit", "qnorm")
    to your NAMESPACE file.
Flavors: r-devel-linux-x86_64-debian-clang, r-devel-linux-x86_64-debian-gcc, r-devel-linux-x86_64-fedora-clang, r-devel-linux-x86_64-fedora-gcc, r-devel-windows-ix86+x86_64, r-patched-linux-x86_64, r-patched-solaris-x86, r-release-linux-x86_64, r-release-macos-x86_64, r-release-windows-ix86+x86_64, r-oldrel-macos-x86_64, r-oldrel-windows-ix86+x86_64