CRAN Package Check Results for Package ForwardSearch

Last updated on 2020-01-19 02:48:55 CET.

Flavor Version Tinstall Tcheck Ttotal Status Flags
r-devel-linux-x86_64-debian-clang 1.0 2.03 23.66 25.69 NOTE
r-devel-linux-x86_64-debian-gcc 1.0 2.01 19.25 21.26 NOTE
r-devel-linux-x86_64-fedora-clang 1.0 32.31 NOTE
r-devel-linux-x86_64-fedora-gcc 1.0 32.42 NOTE
r-devel-windows-ix86+x86_64 1.0 9.00 36.00 45.00 NOTE
r-devel-windows-ix86+x86_64-gcc8 1.0 6.00 35.00 41.00 NOTE
r-patched-linux-x86_64 1.0 1.71 21.77 23.48 NOTE
r-patched-solaris-x86 1.0 46.70 NOTE
r-release-linux-x86_64 1.0 1.61 22.04 23.65 NOTE
r-release-windows-ix86+x86_64 1.0 6.00 40.00 46.00 NOTE
r-release-osx-x86_64 1.0 NOTE
r-oldrel-windows-ix86+x86_64 1.0 4.00 34.00 38.00 NOTE
r-oldrel-osx-x86_64 1.0 NOTE

Check Details

Version: 1.0
Check: R code for possible problems
Result: NOTE
    ForwardSearch.fit: no visible global function definition for 'glm.fit'
    ForwardSearch.plot: no visible global function definition for 'lines'
    ForwardSearch.pointwise.asymptotics: no visible global function
     definition for 'qnorm'
    ForwardSearch.pointwise.asymptotics: no visible global function
     definition for 'dnorm'
    Undefined global functions or variables:
     dnorm glm.fit lines qnorm
    Consider adding
     importFrom("graphics", "lines")
     importFrom("stats", "dnorm", "glm.fit", "qnorm")
    to your NAMESPACE file.
Flavors: r-devel-linux-x86_64-debian-clang, r-devel-linux-x86_64-debian-gcc, r-devel-linux-x86_64-fedora-clang, r-devel-linux-x86_64-fedora-gcc, r-devel-windows-ix86+x86_64, r-devel-windows-ix86+x86_64-gcc8, r-patched-linux-x86_64, r-patched-solaris-x86, r-release-linux-x86_64, r-release-windows-ix86+x86_64, r-release-osx-x86_64, r-oldrel-windows-ix86+x86_64, r-oldrel-osx-x86_64